CRAN Package Check Results for Package ACDm

Last updated on 2019-07-16 00:47:58 CEST.

Flavor Version Tinstall Tcheck Ttotal Status Flags
r-devel-linux-x86_64-debian-clang 1.0.4 14.15 67.92 82.07 OK
r-devel-linux-x86_64-debian-gcc 1.0.4 11.22 52.55 63.77 OK
r-devel-linux-x86_64-fedora-clang 1.0.4 106.63 NOTE
r-devel-linux-x86_64-fedora-gcc 1.0.4 95.10 NOTE
r-devel-windows-ix86+x86_64 1.0.4 57.00 188.00 245.00 OK
r-patched-linux-x86_64 1.0.4 13.23 67.35 80.58 OK
r-patched-solaris-x86 1.0.4 170.20 OK
r-release-linux-x86_64 1.0.4 15.56 66.47 82.03 OK
r-release-windows-ix86+x86_64 1.0.4 35.00 146.00 181.00 OK
r-release-osx-x86_64 1.0.4 OK
r-oldrel-windows-ix86+x86_64 1.0.4 40.00 173.00 213.00 OK
r-oldrel-osx-x86_64 1.0.4 OK

Check Details

Version: 1.0.4
Check: compiled code
Result: NOTE
    File ‘ACDm/libs/ACDm.so’:
     Found no calls to: ‘R_registerRoutines’, ‘R_useDynamicSymbols’
    
    It is good practice to register native routines and to disable symbol
    search.
    
    See ‘Writing portable packages’ in the ‘Writing R Extensions’ manual.
Flavors: r-devel-linux-x86_64-fedora-clang, r-devel-linux-x86_64-fedora-gcc