CRAN Package Check Results for Package ACDm

Last updated on 2019-10-15 00:49:48 CEST.

Flavor Version Tinstall Tcheck Ttotal Status Flags
r-devel-linux-x86_64-debian-clang 1.0.4 16.24 67.66 83.90 OK
r-devel-linux-x86_64-debian-gcc 1.0.4 12.56 51.57 64.13 OK
r-devel-linux-x86_64-fedora-clang 1.0.4 100.02 NOTE
r-devel-linux-x86_64-fedora-gcc 1.0.4 98.16 NOTE
r-devel-windows-ix86+x86_64 1.0.4 33.00 135.00 168.00 OK
r-patched-linux-x86_64 1.0.4 13.13 65.24 78.37 OK
r-patched-solaris-x86 1.0.4 155.70 OK
r-release-linux-x86_64 1.0.4 14.19 65.39 79.58 OK
r-release-windows-ix86+x86_64 1.0.4 48.00 175.00 223.00 OK
r-release-osx-x86_64 1.0.4 OK
r-oldrel-windows-ix86+x86_64 1.0.4 31.00 117.00 148.00 OK
r-oldrel-osx-x86_64 1.0.4 OK

Check Details

Version: 1.0.4
Check: compiled code
Result: NOTE
    File ‘ACDm/libs/ACDm.so’:
     Found no calls to: ‘R_registerRoutines’, ‘R_useDynamicSymbols’
    
    It is good practice to register native routines and to disable symbol
    search.
    
    See ‘Writing portable packages’ in the ‘Writing R Extensions’ manual.
Flavors: r-devel-linux-x86_64-fedora-clang, r-devel-linux-x86_64-fedora-gcc