CRAN Package Check Results for Package ACEt

Last updated on 2019-07-16 00:47:58 CEST.

Flavor Version Tinstall Tcheck Ttotal Status Flags
r-devel-linux-x86_64-debian-clang 1.8.0 77.33 38.35 115.68 OK
r-devel-linux-x86_64-debian-gcc 1.8.0 57.14 30.76 87.90 OK
r-devel-linux-x86_64-fedora-clang 1.8.0 161.02 NOTE
r-devel-linux-x86_64-fedora-gcc 1.8.0 152.38 OK
r-devel-windows-ix86+x86_64 1.8.0 164.00 70.00 234.00 OK
r-patched-linux-x86_64 1.8.0 65.10 38.94 104.04 OK
r-patched-solaris-x86 1.8.0 163.40 OK
r-release-linux-x86_64 1.8.0 62.73 39.14 101.87 OK
r-release-windows-ix86+x86_64 1.8.0 121.00 93.00 214.00 OK
r-release-osx-x86_64 1.8.0 OK
r-oldrel-windows-ix86+x86_64 1.8.0 161.00 69.00 230.00 OK
r-oldrel-osx-x86_64 1.8.0 OK

Check Details

Version: 1.8.0
Check: installed package size
Result: NOTE
     installed size is 5.2Mb
     sub-directories of 1Mb or more:
     libs 4.9Mb
Flavor: r-devel-linux-x86_64-fedora-clang