CRAN Package Check Results for Package ACEt

Last updated on 2019-05-26 00:46:40 CEST.

Flavor Version Tinstall Tcheck Ttotal Status Flags
r-devel-linux-x86_64-debian-clang 1.8.0 73.37 38.56 111.93 OK
r-devel-linux-x86_64-debian-gcc 1.8.0 56.09 30.58 86.67 OK
r-devel-linux-x86_64-fedora-clang 1.8.0 194.49 NOTE
r-devel-linux-x86_64-fedora-gcc 1.8.0 148.87 OK
r-devel-windows-ix86+x86_64 1.8.0 115.00 100.00 215.00 OK
r-patched-linux-x86_64 1.8.0 OK
r-patched-solaris-x86 1.8.0 163.20 OK
r-release-linux-x86_64 1.8.0 63.67 38.69 102.36 OK
r-release-windows-ix86+x86_64 1.8.0 167.00 93.00 260.00 OK
r-release-osx-x86_64 1.8.0 OK
r-oldrel-windows-ix86+x86_64 1.8.0 157.00 73.00 230.00 OK
r-oldrel-osx-x86_64 1.8.0 OK

Check Details

Version: 1.8.0
Check: installed package size
Result: NOTE
     installed size is 5.2Mb
     sub-directories of 1Mb or more:
     libs 4.8Mb
Flavor: r-devel-linux-x86_64-fedora-clang