CRAN Package Check Results for Package ACEt

Last updated on 2019-11-22 00:49:06 CET.

Flavor Version Tinstall Tcheck Ttotal Status Flags
r-devel-linux-x86_64-debian-clang 1.8.0 86.73 39.19 125.92 OK
r-devel-linux-x86_64-debian-gcc 1.8.0 57.60 32.02 89.62 OK
r-devel-linux-x86_64-fedora-clang 1.8.0 170.18 NOTE
r-devel-linux-x86_64-fedora-gcc 1.8.0 169.98 OK
r-devel-windows-ix86+x86_64 1.8.0 178.00 73.00 251.00 OK
r-devel-windows-ix86+x86_64-gcc8 1.8.0 189.00 85.00 274.00 OK
r-patched-linux-x86_64 1.8.0 61.08 38.24 99.32 OK
r-patched-solaris-x86 1.8.0 159.90 OK
r-release-linux-x86_64 1.8.0 62.43 37.95 100.38 OK
r-release-windows-ix86+x86_64 1.8.0 118.00 99.00 217.00 OK
r-release-osx-x86_64 1.8.0 OK
r-oldrel-windows-ix86+x86_64 1.8.0 112.00 95.00 207.00 OK
r-oldrel-osx-x86_64 1.8.0 OK

Check Details

Version: 1.8.0
Check: installed package size
Result: NOTE
     installed size is 5.9Mb
     sub-directories of 1Mb or more:
     libs 5.6Mb
Flavor: r-devel-linux-x86_64-fedora-clang