CRAN Package Check Results for Package ACNE

Last updated on 2019-07-16 00:47:58 CEST.

Flavor Version Tinstall Tcheck Ttotal Status Flags
r-devel-linux-x86_64-debian-clang 0.8.1 5.74 55.14 60.88 OK
r-devel-linux-x86_64-debian-gcc 0.8.1 5.32 44.84 50.16 OK
r-devel-linux-x86_64-fedora-clang 0.8.1 86.30 OK
r-devel-linux-x86_64-fedora-gcc 0.8.1 73.29 OK
r-devel-windows-ix86+x86_64 0.8.1 21.00 73.00 94.00 OK
r-patched-linux-x86_64 0.8.1 5.31 56.88 62.19 OK
r-patched-solaris-x86 0.8.1 114.30 OK
r-release-linux-x86_64 0.8.1 7.00 56.11 63.11 OK
r-release-windows-ix86+x86_64 0.8.1 14.00 101.00 115.00 OK
r-release-osx-x86_64 0.8.1 ERROR
r-oldrel-windows-ix86+x86_64 0.8.1 15.00 109.00 124.00 OK
r-oldrel-osx-x86_64 0.8.1 OK

Check Details

Version: 0.8.1
Check: package dependencies
Result: ERROR
    Packages required but not available: 'aroma.affymetrix', 'aroma.core'
    
    Package suggested but not available for checking: ‘DNAcopy’
    
    See section ‘The DESCRIPTION file’ in the ‘Writing R Extensions’
    manual.
Flavor: r-release-osx-x86_64