CRAN Package Check Results for Package ACNE

Last updated on 2019-05-20 00:47:39 CEST.

Flavor Version Tinstall Tcheck Ttotal Status Flags
r-devel-linux-x86_64-debian-clang 0.8.1 7.13 56.17 63.30 OK
r-devel-linux-x86_64-debian-gcc 0.8.1 5.91 44.99 50.90 OK
r-devel-linux-x86_64-fedora-clang 0.8.1 87.59 OK
r-devel-linux-x86_64-fedora-gcc 0.8.1 73.45 OK
r-devel-windows-ix86+x86_64 0.8.1 24.00 90.00 114.00 OK
r-patched-linux-x86_64 0.8.1 5.62 56.14 61.76 OK
r-patched-solaris-x86 0.8.1 114.60 OK
r-release-linux-x86_64 0.8.1 7.02 55.76 62.78 OK
r-release-windows-ix86+x86_64 0.8.1 18.00 99.00 117.00 OK
r-release-osx-x86_64 0.8.1 ERROR
r-oldrel-windows-ix86+x86_64 0.8.1 17.00 89.00 106.00 OK
r-oldrel-osx-x86_64 0.8.1 OK

Check Details

Version: 0.8.1
Check: package dependencies
Result: ERROR
    Packages required but not available: 'aroma.affymetrix', 'aroma.core'
    
    Package suggested but not available for checking: ‘DNAcopy’
    
    See section ‘The DESCRIPTION file’ in the ‘Writing R Extensions’
    manual.
Flavor: r-release-osx-x86_64