CRAN Package Check Results for Package ACNE

Last updated on 2019-09-20 00:47:28 CEST.

Flavor Version Tinstall Tcheck Ttotal Status Flags
r-devel-linux-x86_64-debian-clang 0.8.1 6.66 54.66 61.32 OK
r-devel-linux-x86_64-debian-gcc 0.8.1 5.95 44.85 50.80 OK
r-devel-linux-x86_64-fedora-clang 0.8.1 79.44 OK
r-devel-linux-x86_64-fedora-gcc 0.8.1 78.26 OK
r-devel-windows-ix86+x86_64 0.8.1 29.00 70.00 99.00 OK
r-patched-linux-x86_64 0.8.1 5.91 55.20 61.11 OK
r-patched-solaris-x86 0.8.1 109.30 OK
r-release-linux-x86_64 0.8.1 6.51 56.11 62.62 OK
r-release-windows-ix86+x86_64 0.8.1 16.00 114.00 130.00 OK
r-release-osx-x86_64 0.8.1 ERROR
r-oldrel-windows-ix86+x86_64 0.8.1 9.00 71.00 80.00 OK
r-oldrel-osx-x86_64 0.8.1 OK

Check Details

Version: 0.8.1
Check: package dependencies
Result: ERROR
    Packages required but not available: 'aroma.affymetrix', 'aroma.core'
    
    Package suggested but not available for checking: ‘DNAcopy’
    
    See section ‘The DESCRIPTION file’ in the ‘Writing R Extensions’
    manual.
Flavor: r-release-osx-x86_64