CRAN Package Check Results for Package ACTCD

Last updated on 2018-01-24 00:46:45 CET.

Flavor Version Tinstall Tcheck Ttotal Status Flags
r-devel-linux-x86_64-debian-clang 1.1-0 5.50 39.50 45.00 NOTE
r-devel-linux-x86_64-debian-gcc 1.1-0 4.82 30.17 34.99 NOTE
r-devel-linux-x86_64-fedora-clang 1.1-0 54.28 NOTE
r-devel-linux-x86_64-fedora-gcc 1.1-0 55.83 NOTE
r-devel-windows-ix86+x86_64 1.1-0 19.00 61.00 80.00 OK
r-patched-linux-x86_64 1.1-0 6.04 37.56 43.60 NOTE
r-patched-solaris-x86 1.1-0 107.30 OK
r-release-linux-x86_64 1.1-0 5.44 37.11 42.55 NOTE
r-release-windows-ix86+x86_64 1.1-0 11.00 57.00 68.00 OK
r-release-osx-x86_64 1.1-0 OK
r-oldrel-windows-ix86+x86_64 1.1-0 10.00 51.00 61.00 OK
r-oldrel-osx-x86_64 1.1-0 OK

Check Details

Version: 1.1-0
Check: compiled code
Result: NOTE
    File ‘ACTCD/libs/ACTCD.so’:
     Found no calls to: ‘R_registerRoutines’, ‘R_useDynamicSymbols’
    
    It is good practice to register native routines and to disable symbol
    search.
    
    See ‘Writing portable packages’ in the ‘Writing R Extensions’ manual.
Flavors: r-devel-linux-x86_64-debian-clang, r-devel-linux-x86_64-debian-gcc, r-devel-linux-x86_64-fedora-clang, r-devel-linux-x86_64-fedora-gcc, r-patched-linux-x86_64, r-release-linux-x86_64