CRAN Package Check Results for Package ACTCD

Last updated on 2018-04-19 00:46:19 CEST.

Flavor Version Tinstall Tcheck Ttotal Status Flags
r-devel-linux-x86_64-debian-clang 1.1-0 6.61 32.80 39.41 WARN
r-devel-linux-x86_64-debian-gcc 1.1-0 4.08 28.30 32.38 WARN
r-devel-linux-x86_64-fedora-clang 1.1-0 63.67 WARN
r-devel-linux-x86_64-fedora-gcc 1.1-0 54.99 WARN
r-devel-windows-ix86+x86_64 1.1-0 17.00 85.00 102.00 WARN
r-devel-osx-x86_64 1.1-0 WARN
r-patched-linux-x86_64 1.1-0 6.56 37.47 44.03 WARN
r-patched-solaris-x86 1.1-0 100.80 WARN
r-release-linux-x86_64 1.1-0 6.04 37.89 43.93 NOTE
r-release-windows-ix86+x86_64 1.1-0 11.00 57.00 68.00 OK
r-release-osx-x86_64 1.1-0 OK
r-oldrel-windows-ix86+x86_64 1.1-0 10.00 51.00 61.00 OK

Check Details

Version: 1.1-0
Check: whether package can be installed
Result: WARN
    Found the following significant warnings:
     Note: break used in wrong context: no loop is visible
    See ‘/home/hornik/tmp/R.check/r-devel-clang/Work/PKGS/ACTCD.Rcheck/00install.out’ for details.
    Information on the location(s) of code generating the ‘Note’s can be
    obtained by re-running with environment variable R_KEEP_PKG_SOURCE set
    to ‘yes’.
Flavor: r-devel-linux-x86_64-debian-clang

Version: 1.1-0
Check: compiled code
Result: NOTE
    File ‘ACTCD/libs/ACTCD.so’:
     Found no calls to: ‘R_registerRoutines’, ‘R_useDynamicSymbols’
    
    It is good practice to register native routines and to disable symbol
    search.
    
    See ‘Writing portable packages’ in the ‘Writing R Extensions’ manual.
Flavors: r-devel-linux-x86_64-debian-clang, r-devel-linux-x86_64-debian-gcc, r-devel-linux-x86_64-fedora-clang, r-devel-linux-x86_64-fedora-gcc, r-patched-linux-x86_64, r-release-linux-x86_64

Version: 1.1-0
Check: whether package can be installed
Result: WARN
    Found the following significant warnings:
     Note: break used in wrong context: no loop is visible
    See ‘/home/hornik/tmp/R.check/r-devel-gcc/Work/PKGS/ACTCD.Rcheck/00install.out’ for details.
    Information on the location(s) of code generating the ‘Note’s can be
    obtained by re-running with environment variable R_KEEP_PKG_SOURCE set
    to ‘yes’.
Flavor: r-devel-linux-x86_64-debian-gcc

Version: 1.1-0
Check: whether package can be installed
Result: WARN
    Found the following significant warnings:
     Note: break used in wrong context: no loop is visible
    See ‘/data/gannet/ripley/R/packages/tests-clang/ACTCD.Rcheck/00install.out’ for details.
    Information on the location(s) of code generating the ‘Note’s can be
    obtained by re-running with environment variable R_KEEP_PKG_SOURCE set
    to ‘yes’.
Flavor: r-devel-linux-x86_64-fedora-clang

Version: 1.1-0
Check: whether package can be installed
Result: WARN
    Found the following significant warnings:
     Note: break used in wrong context: no loop is visible
    See ‘/data/gannet/ripley/R/packages/tests-devel/ACTCD.Rcheck/00install.out’ for details.
    Information on the location(s) of code generating the ‘Note’s can be
    obtained by re-running with environment variable R_KEEP_PKG_SOURCE set
    to ‘yes’.
Flavor: r-devel-linux-x86_64-fedora-gcc

Version: 1.1-0
Check: whether package can be installed
Result: WARN
    Found the following significant warnings:
     Note: break used in wrong context: no loop is visible
    See 'd:/Rcompile/CRANpkg/local/3.5/ACTCD.Rcheck/00install.out' for details.
    Information on the location(s) of code generating the 'Note's can be
    obtained by re-running with environment variable R_KEEP_PKG_SOURCE set
    to 'yes'.
Flavor: r-devel-windows-ix86+x86_64

Version: 1.1-0
Check: whether package can be installed
Result: WARN
    Found the following significant warnings:
     Note: break used in wrong context: no loop is visible
    See ‘/Volumes/SSD-Data/Builds/R-dev-web/QA/Simon/packages/el-capitan-x86_64/results/3.5/ACTCD.Rcheck/00install.out’ for details.
    Information on the location(s) of code generating the ‘Note’s can be
    obtained by re-running with environment variable R_KEEP_PKG_SOURCE set
    to ‘yes’.
Flavor: r-devel-osx-x86_64

Version: 1.1-0
Check: whether package can be installed
Result: WARN
    Found the following significant warnings:
     Note: break used in wrong context: no loop is visible
    See ‘/home/hornik/tmp/R.check/r-patched-gcc/Work/PKGS/ACTCD.Rcheck/00install.out’ for details.
    Information on the location(s) of code generating the ‘Note’s can be
    obtained by re-running with environment variable R_KEEP_PKG_SOURCE set
    to ‘yes’.
Flavor: r-patched-linux-x86_64

Version: 1.1-0
Check: whether package can be installed
Result: WARN
    Found the following significant warnings:
     Note: break used in wrong context: no loop is visible
    See ‘/home/ripley/R/packages/tests32/ACTCD.Rcheck/00install.out’ for details.
    Information on the location(s) of code generating the ‘Note’s can be
    obtained by re-running with environment variable R_KEEP_PKG_SOURCE set
    to ‘yes’.
Flavor: r-patched-solaris-x86