CRAN Package Check Results for Package ADPclust

Last updated on 2019-05-27 00:47:08 CEST.

Flavor Version Tinstall Tcheck Ttotal Status Flags
r-devel-linux-x86_64-debian-clang 0.7 2.56 58.25 60.81 OK
r-devel-linux-x86_64-debian-gcc 0.7 2.22 43.41 45.63 OK
r-devel-linux-x86_64-fedora-clang 0.7 75.34 NOTE
r-devel-linux-x86_64-fedora-gcc 0.7 71.74 NOTE
r-devel-windows-ix86+x86_64 0.7 6.00 82.00 88.00 OK
r-patched-linux-x86_64 0.7 OK
r-patched-solaris-x86 0.7 125.70 NOTE
r-release-linux-x86_64 0.7 3.01 57.59 60.60 OK
r-release-windows-ix86+x86_64 0.7 10.00 112.00 122.00 OK
r-release-osx-x86_64 0.7 NOTE
r-oldrel-windows-ix86+x86_64 0.7 6.00 105.00 111.00 OK
r-oldrel-osx-x86_64 0.7 NOTE

Check Details

Version: 0.7
Check: dependencies in R code
Result: NOTE
    Namespaces in Imports field not imported from:
     ‘fields’ ‘knitr’
     All declared Imports should be used.
Flavors: r-devel-linux-x86_64-fedora-clang, r-devel-linux-x86_64-fedora-gcc, r-patched-solaris-x86, r-release-osx-x86_64, r-oldrel-osx-x86_64