CRAN Package Check Results for Package ADPclust

Last updated on 2019-08-24 00:52:22 CEST.

Flavor Version Tinstall Tcheck Ttotal Status Flags
r-devel-linux-x86_64-debian-clang 0.7 2.56 58.35 60.91 OK
r-devel-linux-x86_64-debian-gcc 0.7 2.57 44.16 46.73 OK
r-devel-linux-x86_64-fedora-clang 0.7 73.94 NOTE
r-devel-linux-x86_64-fedora-gcc 0.7 73.63 NOTE
r-devel-windows-ix86+x86_64 0.7 8.00 87.00 95.00 OK
r-patched-linux-x86_64 0.7 2.35 57.21 59.56 OK
r-patched-solaris-x86 0.7 125.20 NOTE
r-release-linux-x86_64 0.7 2.72 58.03 60.75 OK
r-release-windows-ix86+x86_64 0.7 13.00 119.00 132.00 OK
r-release-osx-x86_64 0.7 NOTE
r-oldrel-windows-ix86+x86_64 0.7 7.00 102.00 109.00 OK
r-oldrel-osx-x86_64 0.7 NOTE

Check Details

Version: 0.7
Check: dependencies in R code
Result: NOTE
    Namespaces in Imports field not imported from:
     ‘fields’ ‘knitr’
     All declared Imports should be used.
Flavors: r-devel-linux-x86_64-fedora-clang, r-devel-linux-x86_64-fedora-gcc, r-patched-solaris-x86, r-release-osx-x86_64, r-oldrel-osx-x86_64