CRAN Package Check Results for Package AGD

Last updated on 2019-08-23 00:48:12 CEST.

Flavor Version Tinstall Tcheck Ttotal Status Flags
r-devel-linux-x86_64-debian-clang 0.39 6.47 59.70 66.17 OK
r-devel-linux-x86_64-debian-gcc 0.39 7.03 47.19 54.22 OK
r-devel-linux-x86_64-fedora-clang 0.39 81.87 OK
r-devel-linux-x86_64-fedora-gcc 0.39 81.32 OK
r-devel-windows-ix86+x86_64 0.39 24.00 98.00 122.00 OK
r-patched-linux-x86_64 0.39 7.52 58.25 65.77 OK
r-patched-solaris-x86 0.39 129.60 OK
r-release-linux-x86_64 0.39 7.37 55.01 62.38 WARN
r-release-windows-ix86+x86_64 0.39 20.00 105.00 125.00 OK
r-release-osx-x86_64 0.39 OK
r-oldrel-windows-ix86+x86_64 0.39 12.00 96.00 108.00 OK
r-oldrel-osx-x86_64 0.39 OK

Check Details

Version: 0.39
Check: PDF version of manual
Result: WARN
    LaTeX errors when creating PDF version.
    This typically indicates Rd problems.
    LaTeX errors found:
Flavor: r-release-linux-x86_64