CRAN Package Check Results for Package AR1seg

Last updated on 2019-09-17 00:49:09 CEST.

Flavor Version Tinstall Tcheck Ttotal Status Flags
r-devel-linux-x86_64-debian-clang 1.0 1.92 20.90 22.82 NOTE
r-devel-linux-x86_64-fedora-clang 1.0 30.74 NOTE
r-devel-linux-x86_64-fedora-gcc 1.0 28.50 NOTE
r-devel-windows-ix86+x86_64 1.0 8.00 49.00 57.00 NOTE
r-patched-linux-x86_64 1.0 1.66 21.28 22.94 NOTE
r-patched-solaris-x86 1.0 45.80 NOTE
r-release-linux-x86_64 1.0 1.55 21.75 23.30 NOTE
r-release-windows-ix86+x86_64 1.0 4.00 55.00 59.00 NOTE
r-release-osx-x86_64 1.0 NOTE
r-oldrel-windows-ix86+x86_64 1.0 2.00 32.00 34.00 NOTE
r-oldrel-osx-x86_64 1.0 NOTE

Check Details

Version: 1.0
Check: DESCRIPTION meta-information
Result: NOTE
    Malformed Description field: should contain one or more complete sentences.
Flavors: r-devel-linux-x86_64-debian-clang, r-devel-linux-x86_64-fedora-clang, r-devel-linux-x86_64-fedora-gcc, r-devel-windows-ix86+x86_64, r-patched-linux-x86_64, r-patched-solaris-x86, r-release-linux-x86_64, r-release-windows-ix86+x86_64, r-release-osx-x86_64, r-oldrel-windows-ix86+x86_64, r-oldrel-osx-x86_64

Version: 1.0
Check: R code for possible problems
Result: NOTE
    AR1seg_func: no visible global function definition for 'median'
    Undefined global functions or variables:
     median
    Consider adding
     importFrom("stats", "median")
    to your NAMESPACE file.
Flavors: r-devel-linux-x86_64-debian-clang, r-devel-linux-x86_64-fedora-clang, r-devel-linux-x86_64-fedora-gcc, r-devel-windows-ix86+x86_64, r-patched-linux-x86_64, r-patched-solaris-x86, r-release-linux-x86_64, r-release-windows-ix86+x86_64, r-release-osx-x86_64, r-oldrel-windows-ix86+x86_64, r-oldrel-osx-x86_64