CRAN Package Check Results for Package AUCRF

Last updated on 2019-08-20 00:50:41 CEST.

Flavor Version Tinstall Tcheck Ttotal Status Flags
r-devel-linux-x86_64-debian-clang 1.1 2.42 34.10 36.52 NOTE
r-devel-linux-x86_64-debian-gcc 1.1 1.95 29.04 30.99 NOTE
r-devel-linux-x86_64-fedora-clang 1.1 45.63 NOTE
r-devel-linux-x86_64-fedora-gcc 1.1 44.66 NOTE
r-devel-windows-ix86+x86_64 1.1 6.00 64.00 70.00 NOTE
r-patched-linux-x86_64 1.1 1.83 35.11 36.94 NOTE
r-patched-solaris-x86 1.1 73.90 NOTE
r-release-linux-x86_64 1.1 1.96 34.05 36.01 NOTE
r-release-windows-ix86+x86_64 1.1 5.00 41.00 46.00 NOTE
r-release-osx-x86_64 1.1 NOTE
r-oldrel-windows-ix86+x86_64 1.1 5.00 56.00 61.00 NOTE
r-oldrel-osx-x86_64 1.1 NOTE

Check Details

Version: 1.1
Check: R code for possible problems
Result: NOTE
    AUCRFcv: no visible global function definition for 'predict'
    plot.AUCRF: no visible global function definition for 'par'
    plot.AUCRF: no visible global function definition for 'dotchart'
    plot.AUCRF: no visible global function definition for 'title'
    plot.AUCRF: no visible global function definition for 'text'
    Undefined global functions or variables:
     dotchart par predict text title
    Consider adding
     importFrom("graphics", "dotchart", "par", "text", "title")
     importFrom("stats", "predict")
    to your NAMESPACE file.
Flavors: r-devel-linux-x86_64-debian-clang, r-devel-linux-x86_64-debian-gcc, r-devel-linux-x86_64-fedora-clang, r-devel-linux-x86_64-fedora-gcc, r-devel-windows-ix86+x86_64, r-patched-linux-x86_64, r-patched-solaris-x86, r-release-linux-x86_64, r-release-windows-ix86+x86_64, r-release-osx-x86_64, r-oldrel-windows-ix86+x86_64, r-oldrel-osx-x86_64