CRAN Package Check Results for Package AUCRF

Last updated on 2019-12-06 00:49:49 CET.

Flavor Version Tinstall Tcheck Ttotal Status Flags
r-devel-linux-x86_64-debian-clang 1.1 2.35 35.04 37.39 NOTE
r-devel-linux-x86_64-debian-gcc 1.1 1.93 29.30 31.23 NOTE
r-devel-linux-x86_64-fedora-clang 1.1 54.75 NOTE
r-devel-linux-x86_64-fedora-gcc 1.1 43.87 NOTE
r-devel-windows-ix86+x86_64 1.1 6.00 41.00 47.00 NOTE
r-devel-windows-ix86+x86_64-gcc8 1.1 5.00 44.00 49.00 NOTE
r-patched-linux-x86_64 1.1 1.80 33.45 35.25 NOTE
r-patched-solaris-x86 1.1 68.70 NOTE
r-release-linux-x86_64 1.1 1.78 32.91 34.69 NOTE
r-release-windows-ix86+x86_64 1.1 8.00 41.00 49.00 NOTE
r-release-osx-x86_64 1.1 NOTE
r-oldrel-windows-ix86+x86_64 1.1 3.00 55.00 58.00 NOTE
r-oldrel-osx-x86_64 1.1 NOTE

Check Details

Version: 1.1
Check: R code for possible problems
Result: NOTE
    AUCRFcv: no visible global function definition for 'predict'
    plot.AUCRF: no visible global function definition for 'par'
    plot.AUCRF: no visible global function definition for 'dotchart'
    plot.AUCRF: no visible global function definition for 'title'
    plot.AUCRF: no visible global function definition for 'text'
    Undefined global functions or variables:
     dotchart par predict text title
    Consider adding
     importFrom("graphics", "dotchart", "par", "text", "title")
     importFrom("stats", "predict")
    to your NAMESPACE file.
Flavors: r-devel-linux-x86_64-debian-clang, r-devel-linux-x86_64-debian-gcc, r-devel-linux-x86_64-fedora-clang, r-devel-linux-x86_64-fedora-gcc, r-devel-windows-ix86+x86_64, r-devel-windows-ix86+x86_64-gcc8, r-patched-linux-x86_64, r-patched-solaris-x86, r-release-linux-x86_64, r-release-windows-ix86+x86_64, r-release-osx-x86_64, r-oldrel-windows-ix86+x86_64, r-oldrel-osx-x86_64