CRAN Package Check Results for Package AdMit

Last updated on 2020-05-28 00:50:34 CEST.

Flavor Version Tinstall Tcheck Ttotal Status Flags
r-devel-linux-x86_64-debian-clang 2.1.5 3.28 42.93 46.21 OK
r-devel-linux-x86_64-debian-gcc 2.1.5 2.62 33.05 35.67 OK
r-devel-linux-x86_64-fedora-clang 2.1.5 58.97 NOTE
r-devel-linux-x86_64-fedora-gcc 2.1.5 55.91 NOTE
r-devel-windows-ix86+x86_64 2.1.5 12.00 92.00 104.00 OK
r-patched-linux-x86_64 2.1.5 2.97 42.28 45.25 OK
r-patched-solaris-x86 2.1.5 78.20 OK
r-release-linux-x86_64 2.1.5 2.90 42.34 45.24 OK
r-release-osx-x86_64 2.1.5 OK
r-release-windows-ix86+x86_64 2.1.5 12.00 94.00 106.00 OK
r-oldrel-osx-x86_64 2.1.5 OK
r-oldrel-windows-ix86+x86_64 2.1.5 19.00 74.00 93.00 OK

Check Details

Version: 2.1.5
Check: compiled code
Result: NOTE
    File ‘AdMit/libs/AdMit.so’:
     Found no calls to: ‘R_registerRoutines’, ‘R_useDynamicSymbols’
    
    It is good practice to register native routines and to disable symbol
    search.
    
    See ‘Writing portable packages’ in the ‘Writing R Extensions’ manual.
Flavors: r-devel-linux-x86_64-fedora-clang, r-devel-linux-x86_64-fedora-gcc