CRAN Package Check Results for Package AdMit

Last updated on 2019-05-20 00:47:39 CEST.

Flavor Version Tinstall Tcheck Ttotal Status Flags
r-devel-linux-x86_64-debian-clang 2.1.3 3.26 40.57 43.83 OK
r-devel-linux-x86_64-debian-gcc 2.1.3 2.44 31.37 33.81 OK
r-devel-linux-x86_64-fedora-clang 2.1.3 55.23 NOTE
r-devel-linux-x86_64-fedora-gcc 2.1.3 51.93 NOTE
r-devel-windows-ix86+x86_64 2.1.3 14.00 86.00 100.00 OK
r-patched-linux-x86_64 2.1.3 3.01 39.64 42.65 OK
r-patched-solaris-x86 2.1.3 74.00 OK
r-release-linux-x86_64 2.1.3 2.85 39.65 42.50 OK
r-release-windows-ix86+x86_64 2.1.3 19.00 88.00 107.00 OK
r-release-osx-x86_64 2.1.3 OK
r-oldrel-windows-ix86+x86_64 2.1.3 17.00 92.00 109.00 OK
r-oldrel-osx-x86_64 2.1.3 OK

Check Details

Version: 2.1.3
Check: compiled code
Result: NOTE
    File ‘AdMit/libs/AdMit.so’:
     Found no calls to: ‘R_registerRoutines’, ‘R_useDynamicSymbols’
    
    It is good practice to register native routines and to disable symbol
    search.
    
    See ‘Writing portable packages’ in the ‘Writing R Extensions’ manual.
Flavors: r-devel-linux-x86_64-fedora-clang, r-devel-linux-x86_64-fedora-gcc