CRAN Package Check Results for Package AhoCorasickTrie

Last updated on 2019-07-16 00:47:58 CEST.

Flavor Version Tinstall Tcheck Ttotal Status Flags
r-devel-linux-x86_64-debian-clang 0.1.0 18.35 33.49 51.84 NOTE
r-devel-linux-x86_64-debian-gcc 0.1.0 14.65 27.39 42.04 NOTE
r-devel-linux-x86_64-fedora-clang 0.1.0 70.35 NOTE
r-devel-linux-x86_64-fedora-gcc 0.1.0 63.82 NOTE
r-devel-windows-ix86+x86_64 0.1.0 59.00 68.00 127.00 OK
r-patched-linux-x86_64 0.1.0 18.46 33.20 51.66 NOTE
r-patched-solaris-x86 0.1.0 86.20 NOTE
r-release-linux-x86_64 0.1.0 17.81 33.11 50.92 NOTE
r-release-windows-ix86+x86_64 0.1.0 41.00 85.00 126.00 OK
r-release-osx-x86_64 0.1.0 NOTE
r-oldrel-windows-ix86+x86_64 0.1.0 55.00 64.00 119.00 OK
r-oldrel-osx-x86_64 0.1.0 NOTE

Check Details

Version: 0.1.0
Check: Rd cross-references
Result: NOTE
    Package unavailable to check Rd xrefs: 'Starr'
Flavors: r-devel-linux-x86_64-debian-clang, r-devel-linux-x86_64-debian-gcc, r-patched-linux-x86_64, r-patched-solaris-x86, r-release-linux-x86_64, r-oldrel-osx-x86_64

Version: 0.1.0
Check: compiled code
Result: NOTE
    File ‘AhoCorasickTrie/libs/AhoCorasickTrie.so’:
     Found no calls to: ‘R_registerRoutines’, ‘R_useDynamicSymbols’
    
    It is good practice to register native routines and to disable symbol
    search.
    
    See ‘Writing portable packages’ in the ‘Writing R Extensions’ manual.
Flavors: r-devel-linux-x86_64-fedora-clang, r-devel-linux-x86_64-fedora-gcc

Version: 0.1.0
Check: package dependencies
Result: NOTE
    Package suggested but not available for checking: ‘Biostrings’
Flavor: r-release-osx-x86_64

Version: 0.1.0
Check: Rd cross-references
Result: NOTE
    Packages unavailable to check Rd xrefs: ‘Biostrings’, ‘Starr’
Flavor: r-release-osx-x86_64