CRAN Package Check Results for Package AlgDesign

Last updated on 2020-05-28 00:50:34 CEST.

Flavor Version Tinstall Tcheck Ttotal Status Flags
r-devel-linux-x86_64-debian-clang 1.2.0 10.78 37.36 48.14 OK
r-devel-linux-x86_64-debian-gcc 1.2.0 5.61 29.83 35.44 OK
r-devel-linux-x86_64-fedora-clang 1.2.0 63.60 NOTE
r-devel-linux-x86_64-fedora-gcc 1.2.0 56.27 NOTE
r-devel-windows-ix86+x86_64 1.2.0 16.00 74.00 90.00 OK
r-patched-linux-x86_64 1.2.0 6.56 38.25 44.81 OK
r-patched-solaris-x86 1.2.0 85.40 OK
r-release-linux-x86_64 1.2.0 6.70 38.24 44.94 OK
r-release-osx-x86_64 1.2.0 OK
r-release-windows-ix86+x86_64 1.2.0 17.00 51.00 68.00 OK
r-oldrel-osx-x86_64 1.2.0 OK
r-oldrel-windows-ix86+x86_64 1.2.0 23.00 77.00 100.00 OK

Check Details

Version: 1.2.0
Check: compiled code
Result: NOTE
    File ‘AlgDesign/libs/AlgDesign.so’:
     Found no calls to: ‘R_registerRoutines’, ‘R_useDynamicSymbols’
    
    It is good practice to register native routines and to disable symbol
    search.
    
    See ‘Writing portable packages’ in the ‘Writing R Extensions’ manual.
Flavors: r-devel-linux-x86_64-fedora-clang, r-devel-linux-x86_64-fedora-gcc