CRAN Package Check Results for Package AllPossibleSpellings

Last updated on 2019-09-21 00:52:34 CEST.

Flavor Version Tinstall Tcheck Ttotal Status Flags
r-devel-linux-x86_64-debian-clang 1.1 1.76 27.10 28.86 NOTE
r-devel-linux-x86_64-debian-gcc 1.1 1.42 21.19 22.61 NOTE
r-devel-linux-x86_64-fedora-clang 1.1 35.30 NOTE
r-devel-linux-x86_64-fedora-gcc 1.1 34.39 NOTE
r-devel-windows-ix86+x86_64 1.1 5.00 48.00 53.00 NOTE
r-patched-linux-x86_64 1.1 1.40 25.90 27.30 NOTE
r-patched-solaris-x86 1.1 57.90 NOTE
r-release-linux-x86_64 1.1 1.53 25.84 27.37 NOTE
r-release-windows-ix86+x86_64 1.1 4.00 48.00 52.00 NOTE
r-release-osx-x86_64 1.1 NOTE
r-oldrel-windows-ix86+x86_64 1.1 2.00 39.00 41.00 NOTE
r-oldrel-osx-x86_64 1.1 NOTE

Check Details

Version: 1.1
Check: DESCRIPTION meta-information
Result: NOTE
    Malformed Title field: should not end in a period.
Flavors: r-devel-linux-x86_64-debian-clang, r-devel-linux-x86_64-debian-gcc, r-devel-linux-x86_64-fedora-clang, r-devel-linux-x86_64-fedora-gcc, r-devel-windows-ix86+x86_64, r-patched-linux-x86_64, r-patched-solaris-x86, r-release-linux-x86_64, r-release-windows-ix86+x86_64, r-release-osx-x86_64, r-oldrel-windows-ix86+x86_64, r-oldrel-osx-x86_64

Version: 1.1
Check: R code for possible problems
Result: NOTE
    batch.possSpells.fnc: no visible binding for global variable 'words'
    possSpells.fnc: no visible binding for global variable 'len.phons'
    possSpells.fnc: no visible binding for global variable 'phon1'
    possSpells.fnc: no visible binding for global variable 'len.total'
    possSpells.fnc: no visible binding for global variable 'poss.spells'
    Undefined global functions or variables:
     len.phons len.total phon1 poss.spells words
Flavors: r-devel-linux-x86_64-debian-clang, r-devel-linux-x86_64-debian-gcc, r-devel-linux-x86_64-fedora-clang, r-devel-linux-x86_64-fedora-gcc, r-devel-windows-ix86+x86_64, r-patched-linux-x86_64, r-patched-solaris-x86, r-release-linux-x86_64, r-release-windows-ix86+x86_64, r-release-osx-x86_64, r-oldrel-windows-ix86+x86_64, r-oldrel-osx-x86_64

Version: 1.1
Check: for non-standard things in the check directory
Result: NOTE
    Found the following files/directories:
     'more.words.rda' 'more.words.txt' 'more.words_log.txt'
     'other.words.rda' 'other.words.txt' 'other.words_log.txt'
     'some.words.rda' 'some.words.txt' 'some.words_log.txt'
     'yet.more.words.rda' 'yet.more.words.txt' 'yet.more.words_log.txt'
Flavors: r-devel-linux-x86_64-debian-clang, r-devel-linux-x86_64-debian-gcc, r-devel-linux-x86_64-fedora-clang, r-devel-linux-x86_64-fedora-gcc