CRAN Package Check Results for Package AmericanCallOpt

Last updated on 2019-08-17 00:51:07 CEST.

Flavor Version Tinstall Tcheck Ttotal Status Flags
r-devel-linux-x86_64-debian-clang 0.95 2.28 19.25 21.53 NOTE
r-devel-linux-x86_64-debian-gcc 0.95 1.83 15.44 17.27 NOTE
r-devel-linux-x86_64-fedora-clang 0.95 25.40 NOTE
r-devel-linux-x86_64-fedora-gcc 0.95 24.70 NOTE
r-devel-windows-ix86+x86_64 0.95 6.00 39.00 45.00 NOTE
r-patched-linux-x86_64 0.95 1.71 19.18 20.89 NOTE
r-patched-solaris-x86 0.95 41.10 NOTE
r-release-linux-x86_64 0.95 1.86 19.19 21.05 NOTE
r-release-windows-ix86+x86_64 0.95 5.00 37.00 42.00 NOTE
r-release-osx-x86_64 0.95 NOTE
r-oldrel-windows-ix86+x86_64 0.95 3.00 26.00 29.00 NOTE
r-oldrel-osx-x86_64 0.95 NOTE

Check Details

Version: 0.95
Check: DESCRIPTION meta-information
Result: NOTE
    Malformed Title field: should not end in a period.
Flavors: r-devel-linux-x86_64-debian-clang, r-devel-linux-x86_64-debian-gcc, r-devel-linux-x86_64-fedora-clang, r-devel-linux-x86_64-fedora-gcc, r-devel-windows-ix86+x86_64, r-patched-linux-x86_64, r-patched-solaris-x86, r-release-linux-x86_64, r-release-windows-ix86+x86_64, r-release-osx-x86_64, r-oldrel-windows-ix86+x86_64, r-oldrel-osx-x86_64