CRAN Package Check Results for Package AmericanCallOpt

Last updated on 2019-12-06 00:49:49 CET.

Flavor Version Tinstall Tcheck Ttotal Status Flags
r-devel-linux-x86_64-debian-clang 0.95 2.25 20.28 22.53 NOTE
r-devel-linux-x86_64-debian-gcc 0.95 1.66 15.75 17.41 NOTE
r-devel-linux-x86_64-fedora-clang 0.95 29.43 NOTE
r-devel-linux-x86_64-fedora-gcc 0.95 25.62 NOTE
r-devel-windows-ix86+x86_64 0.95 5.00 28.00 33.00 NOTE
r-devel-windows-ix86+x86_64-gcc8 0.95 5.00 31.00 36.00 NOTE
r-patched-linux-x86_64 0.95 1.74 18.84 20.58 NOTE
r-patched-solaris-x86 0.95 39.30 NOTE
r-release-linux-x86_64 0.95 1.52 18.72 20.24 NOTE
r-release-windows-ix86+x86_64 0.95 5.00 37.00 42.00 NOTE
r-release-osx-x86_64 0.95 NOTE
r-oldrel-windows-ix86+x86_64 0.95 3.00 26.00 29.00 NOTE
r-oldrel-osx-x86_64 0.95 NOTE

Check Details

Version: 0.95
Check: DESCRIPTION meta-information
Result: NOTE
    Malformed Title field: should not end in a period.
Flavors: r-devel-linux-x86_64-debian-clang, r-devel-linux-x86_64-debian-gcc, r-devel-linux-x86_64-fedora-clang, r-devel-linux-x86_64-fedora-gcc, r-devel-windows-ix86+x86_64, r-devel-windows-ix86+x86_64-gcc8, r-patched-linux-x86_64, r-patched-solaris-x86, r-release-linux-x86_64, r-release-windows-ix86+x86_64, r-release-osx-x86_64, r-oldrel-windows-ix86+x86_64, r-oldrel-osx-x86_64