CRAN Package Check Results for Package AmostraBrasil

Last updated on 2019-07-16 00:47:58 CEST.

Flavor Version Tinstall Tcheck Ttotal Status Flags
r-devel-linux-x86_64-debian-clang 1.2 3.76 35.45 39.21 NOTE
r-devel-linux-x86_64-debian-gcc 1.2 3.29 29.73 33.02 NOTE
r-devel-linux-x86_64-fedora-clang 1.2 53.01 NOTE
r-devel-linux-x86_64-fedora-gcc 1.2 49.92 NOTE
r-devel-windows-ix86+x86_64 1.2 13.00 74.00 87.00 OK
r-patched-linux-x86_64 1.2 3.82 36.07 39.89 OK
r-patched-solaris-x86 1.2 123.60 NOTE
r-release-linux-x86_64 1.2 4.12 35.81 39.93 OK
r-release-windows-ix86+x86_64 1.2 7.00 73.00 80.00 OK
r-release-osx-x86_64 1.2 NOTE
r-oldrel-windows-ix86+x86_64 1.2 9.00 73.00 82.00 OK
r-oldrel-osx-x86_64 1.2 NOTE

Check Details

Version: 1.2
Check: for non-standard things in the check directory
Result: NOTE
    Found the following files/directories:
     'Pindoba_domicilios.dbf' 'Pindoba_geo.dbf'
Flavors: r-devel-linux-x86_64-debian-clang, r-devel-linux-x86_64-debian-gcc, r-devel-linux-x86_64-fedora-clang, r-devel-linux-x86_64-fedora-gcc

Version: 1.2
Check: data for non-ASCII characters
Result: NOTE
     Note: found 2380 marked UTF-8 strings
Flavors: r-devel-linux-x86_64-fedora-clang, r-devel-linux-x86_64-fedora-gcc, r-patched-solaris-x86, r-release-osx-x86_64, r-oldrel-osx-x86_64