CRAN Package Check Results for Package AmostraBrasil

Last updated on 2019-05-20 00:47:39 CEST.

Flavor Version Tinstall Tcheck Ttotal Status Flags
r-devel-linux-x86_64-debian-clang 1.2 4.08 36.90 40.98 OK
r-devel-linux-x86_64-debian-gcc 1.2 3.29 28.64 31.93 OK
r-devel-linux-x86_64-fedora-clang 1.2 51.42 NOTE
r-devel-linux-x86_64-fedora-gcc 1.2 51.73 NOTE
r-devel-windows-ix86+x86_64 1.2 11.00 81.00 92.00 OK
r-patched-linux-x86_64 1.2 4.06 36.03 40.09 OK
r-patched-solaris-x86 1.2 113.90 NOTE
r-release-linux-x86_64 1.2 4.20 36.48 40.68 OK
r-release-windows-ix86+x86_64 1.2 12.00 85.00 97.00 OK
r-release-osx-x86_64 1.2 NOTE
r-oldrel-windows-ix86+x86_64 1.2 9.00 73.00 82.00 OK
r-oldrel-osx-x86_64 1.2 NOTE

Check Details

Version: 1.2
Check: data for non-ASCII characters
Result: NOTE
     Note: found 2380 marked UTF-8 strings
Flavors: r-devel-linux-x86_64-fedora-clang, r-devel-linux-x86_64-fedora-gcc, r-patched-solaris-x86, r-release-osx-x86_64, r-oldrel-osx-x86_64