CRAN Package Check Results for Package AmostraBrasil

Last updated on 2019-09-20 00:47:28 CEST.

Flavor Version Tinstall Tcheck Ttotal Status Flags
r-devel-linux-x86_64-debian-clang 1.2 3.70 35.14 38.84 NOTE
r-devel-linux-x86_64-debian-gcc 1.2 3.53 28.72 32.25 NOTE
r-devel-linux-x86_64-fedora-clang 1.2 51.16 NOTE
r-devel-linux-x86_64-fedora-gcc 1.2 50.31 NOTE
r-devel-windows-ix86+x86_64 1.2 14.00 77.00 91.00 OK
r-patched-linux-x86_64 1.2 4.03 34.69 38.72 OK
r-patched-solaris-x86 1.2 108.30 NOTE
r-release-linux-x86_64 1.2 3.65 34.75 38.40 OK
r-release-windows-ix86+x86_64 1.2 10.00 81.00 91.00 OK
r-release-osx-x86_64 1.2 NOTE
r-oldrel-windows-ix86+x86_64 1.2 4.00 51.00 55.00 OK
r-oldrel-osx-x86_64 1.2 NOTE

Check Details

Version: 1.2
Check: for non-standard things in the check directory
Result: NOTE
    Found the following files/directories:
     'Pindoba_domicilios.dbf' 'Pindoba_geo.dbf'
Flavors: r-devel-linux-x86_64-debian-clang, r-devel-linux-x86_64-debian-gcc, r-devel-linux-x86_64-fedora-clang, r-devel-linux-x86_64-fedora-gcc

Version: 1.2
Check: data for non-ASCII characters
Result: NOTE
     Note: found 2380 marked UTF-8 strings
Flavors: r-devel-linux-x86_64-fedora-clang, r-devel-linux-x86_64-fedora-gcc, r-patched-solaris-x86, r-release-osx-x86_64, r-oldrel-osx-x86_64