CRAN Package Check Results for Package ArDec

Last updated on 2019-12-16 00:48:48 CET.

Flavor Version Tinstall Tcheck Ttotal Status Flags
r-devel-linux-x86_64-debian-clang 2.0 2.01 22.23 24.24 NOTE
r-devel-linux-x86_64-debian-gcc 2.0 1.59 17.50 19.09 NOTE
r-devel-linux-x86_64-fedora-clang 2.0 31.75 NOTE
r-devel-linux-x86_64-fedora-gcc 2.0 28.84 NOTE
r-devel-windows-ix86+x86_64 2.0 5.00 29.00 34.00 NOTE
r-devel-windows-ix86+x86_64-gcc8 2.0 5.00 30.00 35.00 NOTE
r-patched-linux-x86_64 2.0 1.60 20.62 22.22 NOTE
r-patched-solaris-x86 2.0 41.80 NOTE
r-release-linux-x86_64 2.0 1.59 20.56 22.15 NOTE
r-release-windows-ix86+x86_64 2.0 4.00 46.00 50.00 NOTE
r-release-osx-x86_64 2.0 NOTE
r-oldrel-windows-ix86+x86_64 2.0 2.00 30.00 32.00 NOTE
r-oldrel-osx-x86_64 2.0 NOTE

Check Details

Version: 2.0
Check: dependencies in R code
Result: NOTE
    'library' or 'require' call to 'stats' in package code.
     Please use :: or requireNamespace() instead.
     See section 'Suggested packages' in the 'Writing R Extensions' manual.
Flavors: r-devel-linux-x86_64-debian-clang, r-devel-linux-x86_64-debian-gcc, r-devel-linux-x86_64-fedora-clang, r-devel-linux-x86_64-fedora-gcc, r-devel-windows-ix86+x86_64, r-devel-windows-ix86+x86_64-gcc8, r-patched-linux-x86_64, r-patched-solaris-x86, r-release-linux-x86_64, r-release-windows-ix86+x86_64, r-release-osx-x86_64, r-oldrel-windows-ix86+x86_64, r-oldrel-osx-x86_64

Version: 2.0
Check: R code for possible problems
Result: NOTE
    ardec: no visible global function definition for 'filter'
    ardec.lm: no visible global function definition for 'ar'
    ardec.lm: no visible global function definition for 'lm'
    Undefined global functions or variables:
     ar filter lm
    Consider adding
     importFrom("stats", "ar", "filter", "lm")
    to your NAMESPACE file.
Flavors: r-devel-linux-x86_64-debian-clang, r-devel-linux-x86_64-debian-gcc, r-devel-linux-x86_64-fedora-clang, r-devel-linux-x86_64-fedora-gcc, r-devel-windows-ix86+x86_64, r-devel-windows-ix86+x86_64-gcc8, r-patched-linux-x86_64, r-patched-solaris-x86, r-release-linux-x86_64, r-release-windows-ix86+x86_64, r-release-osx-x86_64, r-oldrel-windows-ix86+x86_64, r-oldrel-osx-x86_64