CRAN Package Check Results for Package ArchaeoPhases

Last updated on 2019-08-23 00:48:13 CEST.

Flavor Version Tinstall Tcheck Ttotal Status Flags
r-devel-linux-x86_64-debian-clang 1.4 8.05 150.40 158.45 NOTE
r-devel-linux-x86_64-debian-gcc 1.4 6.38 112.66 119.04 NOTE
r-devel-linux-x86_64-fedora-clang 1.4 186.44 NOTE
r-devel-linux-x86_64-fedora-gcc 1.4 171.59 NOTE
r-devel-windows-ix86+x86_64 1.4 32.00 211.00 243.00 OK
r-patched-linux-x86_64 1.4 7.47 142.03 149.50 OK
r-patched-solaris-x86 1.4 297.30 NOTE
r-release-linux-x86_64 1.4 8.11 140.28 148.39 OK
r-release-windows-ix86+x86_64 1.4 31.00 210.00 241.00 OK
r-release-osx-x86_64 1.4 NOTE
r-oldrel-windows-ix86+x86_64 1.4 21.00 160.00 181.00 OK
r-oldrel-osx-x86_64 1.4 NOTE

Check Details

Version: 1.4
Check: for non-standard things in the check directory
Result: NOTE
    Found the following files/directories:
     'CharacteristicsOfPhase.svg' 'Characteristics_Event.2.svg'
     'MinMaxPhases.csv' 'MultiPhasePlot.png' 'MultiSuccessionPlot.svg'
     'Succession.png' 'data.csv' 'fishpond_MCMC.csv'
Flavors: r-devel-linux-x86_64-debian-clang, r-devel-linux-x86_64-debian-gcc, r-devel-linux-x86_64-fedora-clang, r-devel-linux-x86_64-fedora-gcc

Version: 1.4
Check: dependencies in R code
Result: NOTE
    Namespace in Imports field not imported from: ‘DT’
     All declared Imports should be used.
Flavors: r-devel-linux-x86_64-fedora-clang, r-devel-linux-x86_64-fedora-gcc, r-patched-solaris-x86, r-release-osx-x86_64, r-oldrel-osx-x86_64