CRAN Package Check Results for Package AutoSEARCH

Last updated on 2019-12-16 00:48:48 CET.

Flavor Version Tinstall Tcheck Ttotal Status Flags
r-devel-linux-x86_64-debian-clang 1.5 4.23 32.40 36.63 NOTE
r-devel-linux-x86_64-debian-gcc 1.5 4.31 25.06 29.37 NOTE
r-devel-linux-x86_64-fedora-clang 1.5 47.24 NOTE
r-devel-linux-x86_64-fedora-gcc 1.5 43.99 NOTE
r-devel-windows-ix86+x86_64 1.5 10.00 40.00 50.00 NOTE
r-devel-windows-ix86+x86_64-gcc8 1.5 9.00 58.00 67.00 NOTE
r-patched-linux-x86_64 1.5 4.61 29.77 34.38 NOTE
r-patched-solaris-x86 1.5 57.20 NOTE
r-release-linux-x86_64 1.5 4.55 30.15 34.70 NOTE
r-release-windows-ix86+x86_64 1.5 7.00 40.00 47.00 NOTE
r-release-osx-x86_64 1.5 NOTE
r-oldrel-windows-ix86+x86_64 1.5 6.00 41.00 47.00 NOTE
r-oldrel-osx-x86_64 1.5 NOTE

Check Details

Version: 1.5
Check: R code for possible problems
Result: NOTE
    gLog.ep: no visible global function definition for 'quantile'
    gedestp: no visible global function definition for 'na.omit'
    gedestp: no visible global function definition for 'optim'
    gets.mean: no visible global function definition for 'start'
    gets.mean: no visible global function definition for 'end'
    gets.mean: no visible global function definition for 'window'
    gets.mean: no visible global function definition for 'pt'
    gets.mean: no visible global function definition for 'Box.test'
    gets.mean: no visible global function definition for 'pchisq'
    gets.vol: no visible global function definition for 'start'
    gets.vol: no visible global function definition for 'end'
    gets.vol: no visible global function definition for 'window'
    gets.vol: no visible global function definition for 'pt'
    gets.vol: no visible global function definition for 'Box.test'
    gets.vol: no visible global function definition for 'pchisq'
    jb.test: no visible global function definition for 'pchisq'
    skewness.test: no visible global function definition for 'pchisq'
    sm: no visible global function definition for 'start'
    sm: no visible global function definition for 'end'
    sm: no visible global function definition for 'window'
    sm: no visible global function definition for 'pt'
    sm: no visible global function definition for 'pchisq'
    sm: no visible global function definition for 'Box.test'
    Undefined global functions or variables:
     Box.test end na.omit optim pchisq pt quantile start window
    Consider adding
     importFrom("stats", "Box.test", "end", "na.omit", "optim", "pchisq",
     "pt", "quantile", "start", "window")
    to your NAMESPACE file.
Flavors: r-devel-linux-x86_64-debian-clang, r-devel-linux-x86_64-debian-gcc, r-devel-linux-x86_64-fedora-clang, r-devel-linux-x86_64-fedora-gcc, r-devel-windows-ix86+x86_64, r-devel-windows-ix86+x86_64-gcc8, r-patched-linux-x86_64, r-patched-solaris-x86, r-release-linux-x86_64, r-release-windows-ix86+x86_64, r-release-osx-x86_64, r-oldrel-windows-ix86+x86_64, r-oldrel-osx-x86_64