CRAN Package Check Results for Package BAMMtools

Last updated on 2019-10-23 00:47:45 CEST.

Flavor Version Tinstall Tcheck Ttotal Status Flags
r-devel-linux-x86_64-debian-clang 2.1.6 11.00 132.95 143.95 NOTE
r-devel-linux-x86_64-debian-gcc 2.1.6 8.85 97.79 106.64 NOTE
r-devel-linux-x86_64-fedora-clang 2.1.6 168.95 NOTE
r-devel-linux-x86_64-fedora-gcc 2.1.6 162.47 NOTE
r-devel-windows-ix86+x86_64 2.1.6 23.00 204.00 227.00 OK
r-patched-linux-x86_64 2.1.6 9.25 132.66 141.91 OK
r-patched-solaris-x86 2.1.6 222.60 OK
r-release-linux-x86_64 2.1.6 11.02 131.30 142.32 OK
r-release-windows-ix86+x86_64 2.1.6 27.00 217.00 244.00 OK
r-release-osx-x86_64 2.1.6 OK
r-oldrel-windows-ix86+x86_64 2.1.6 23.00 313.00 336.00 OK
r-oldrel-osx-x86_64 2.1.6 OK

Check Details

Version: 2.1.6
Check: for non-standard things in the check directory
Result: NOTE
    Found the following files/directories:
     'divcontrol.txt' 'traitcontrol.txt'
Flavors: r-devel-linux-x86_64-debian-clang, r-devel-linux-x86_64-debian-gcc, r-devel-linux-x86_64-fedora-clang, r-devel-linux-x86_64-fedora-gcc

Version: 2.1.6
Check: compiled code
Result: NOTE
    File ‘BAMMtools/libs/BAMMtools.so’:
     Found no calls to: ‘R_registerRoutines’, ‘R_useDynamicSymbols’
    
    It is good practice to register native routines and to disable symbol
    search.
    
    See ‘Writing portable packages’ in the ‘Writing R Extensions’ manual.
Flavors: r-devel-linux-x86_64-fedora-clang, r-devel-linux-x86_64-fedora-gcc