CRAN Package Check Results for Package BAMMtools

Last updated on 2019-07-16 00:47:59 CEST.

Flavor Version Tinstall Tcheck Ttotal Status Flags
r-devel-linux-x86_64-debian-clang 2.1.6 9.35 135.68 145.03 NOTE
r-devel-linux-x86_64-debian-gcc 2.1.6 8.09 100.07 108.16 NOTE
r-devel-linux-x86_64-fedora-clang 2.1.6 168.16 NOTE
r-devel-linux-x86_64-fedora-gcc 2.1.6 164.03 NOTE
r-devel-windows-ix86+x86_64 2.1.6 27.00 222.00 249.00 OK
r-patched-linux-x86_64 2.1.6 9.93 131.97 141.90 OK
r-patched-solaris-x86 2.1.6 226.30 OK
r-release-linux-x86_64 2.1.6 10.12 132.12 142.24 OK
r-release-windows-ix86+x86_64 2.1.6 22.00 299.00 321.00 OK
r-release-osx-x86_64 2.1.6 OK
r-oldrel-windows-ix86+x86_64 2.1.6 21.00 214.00 235.00 OK
r-oldrel-osx-x86_64 2.1.6 OK

Check Details

Version: 2.1.6
Check: for non-standard things in the check directory
Result: NOTE
    Found the following files/directories:
     'divcontrol.txt' 'traitcontrol.txt'
Flavors: r-devel-linux-x86_64-debian-clang, r-devel-linux-x86_64-debian-gcc, r-devel-linux-x86_64-fedora-clang, r-devel-linux-x86_64-fedora-gcc

Version: 2.1.6
Check: compiled code
Result: NOTE
    File ‘BAMMtools/libs/BAMMtools.so’:
     Found no calls to: ‘R_registerRoutines’, ‘R_useDynamicSymbols’
    
    It is good practice to register native routines and to disable symbol
    search.
    
    See ‘Writing portable packages’ in the ‘Writing R Extensions’ manual.
Flavors: r-devel-linux-x86_64-fedora-clang, r-devel-linux-x86_64-fedora-gcc