CRAN Package Check Results for Package BEDMatrix

Last updated on 2019-05-20 00:47:41 CEST.

Flavor Version Tinstall Tcheck Ttotal Status Flags
r-devel-linux-x86_64-debian-clang 1.5.0 10.83 26.57 37.40 OK
r-devel-linux-x86_64-debian-gcc 1.5.0 8.00 21.43 29.43 OK
r-devel-linux-x86_64-fedora-clang 1.5.0 49.00 NOTE
r-devel-linux-x86_64-fedora-gcc 1.5.0 42.98 NOTE
r-devel-windows-ix86+x86_64 1.5.0 42.00 74.00 116.00 OK
r-patched-linux-x86_64 1.5.0 9.87 25.88 35.75 OK
r-patched-solaris-x86 1.5.0 61.90 NOTE
r-release-linux-x86_64 1.5.0 9.62 26.32 35.94 OK
r-release-windows-ix86+x86_64 1.5.0 43.00 80.00 123.00 OK
r-release-osx-x86_64 1.5.0 NOTE
r-oldrel-windows-ix86+x86_64 1.5.0 36.00 76.00 112.00 OK
r-oldrel-osx-x86_64 1.5.0 NOTE

Check Details

Version: 1.5.0
Check: dependencies in R code
Result: NOTE
    Namespace in Imports field not imported from: ‘crochet’
     All declared Imports should be used.
Flavors: r-devel-linux-x86_64-fedora-clang, r-devel-linux-x86_64-fedora-gcc, r-patched-solaris-x86, r-release-osx-x86_64, r-oldrel-osx-x86_64