CRAN Package Check Results for Package BH

Last updated on 2019-09-21 00:52:35 CEST.

Flavor Version Tinstall Tcheck Ttotal Status Flags
r-devel-linux-x86_64-debian-clang 1.69.0-1 23.62 39.32 62.94 OK
r-devel-linux-x86_64-debian-gcc 1.69.0-1 12.19 31.08 43.27 OK
r-devel-linux-x86_64-fedora-clang 1.69.0-1 57.67 NOTE
r-devel-linux-x86_64-fedora-gcc 1.69.0-1 57.07 OK
r-devel-windows-ix86+x86_64 1.69.0-1 211.00 86.00 297.00 NOTE
r-patched-linux-x86_64 1.69.0-1 19.45 38.97 58.42 OK
r-patched-solaris-x86 1.69.0-1 171.20 NOTE
r-release-linux-x86_64 1.69.0-1 20.86 38.41 59.27 OK
r-release-windows-ix86+x86_64 1.69.0-1 155.00 93.00 248.00 NOTE
r-release-osx-x86_64 1.69.0-1 NOTE
r-oldrel-windows-ix86+x86_64 1.69.0-1 234.00 67.00 301.00 NOTE
r-oldrel-osx-x86_64 1.69.0-1 NOTE

Check Details

Version: 1.69.0-1
Check: installed package size
Result: NOTE
     installed size is 153.5Mb
     sub-directories of 1Mb or more:
     include 153.4Mb
Flavors: r-devel-linux-x86_64-fedora-clang, r-devel-windows-ix86+x86_64, r-patched-solaris-x86, r-release-windows-ix86+x86_64, r-release-osx-x86_64, r-oldrel-windows-ix86+x86_64, r-oldrel-osx-x86_64