CRAN Package Check Results for Package BH

Last updated on 2020-02-20 00:54:07 CET.

Flavor Version Tinstall Tcheck Ttotal Status Flags
r-devel-linux-x86_64-debian-clang 1.72.0-3 23.69 38.23 61.92 OK
r-devel-linux-x86_64-debian-gcc 1.72.0-3 13.91 30.30 44.21 OK
r-devel-linux-x86_64-fedora-clang 1.72.0-3 55.33 NOTE
r-devel-linux-x86_64-fedora-gcc 1.72.0-3 55.19 OK
r-devel-windows-ix86+x86_64 1.72.0-3 147.00 57.00 204.00 NOTE
r-devel-windows-ix86+x86_64-gcc8 1.72.0-3 241.00 81.00 322.00 NOTE
r-patched-linux-x86_64 1.72.0-3 18.78 37.24 56.02 OK
r-patched-solaris-x86 1.72.0-3 159.50 NOTE
r-release-linux-x86_64 1.72.0-3 18.97 37.03 56.00 OK
r-release-windows-ix86+x86_64 1.72.0-3 143.00 108.00 251.00 NOTE
r-release-osx-x86_64 1.72.0-3 NOTE
r-oldrel-windows-ix86+x86_64 1.72.0-3 128.00 45.00 173.00 NOTE
r-oldrel-osx-x86_64 1.72.0-3 NOTE

Check Details

Version: 1.72.0-3
Check: installed package size
Result: NOTE
     installed size is 135.0Mb
     sub-directories of 1Mb or more:
     include 134.9Mb
Flavors: r-devel-linux-x86_64-fedora-clang, r-devel-windows-ix86+x86_64, r-devel-windows-ix86+x86_64-gcc8, r-patched-solaris-x86, r-release-windows-ix86+x86_64, r-release-osx-x86_64, r-oldrel-windows-ix86+x86_64, r-oldrel-osx-x86_64