CRAN Package Check Results for Package BNPdensity

Last updated on 2019-09-21 00:52:36 CEST.

Flavor Version Tinstall Tcheck Ttotal Status Flags
r-devel-linux-x86_64-debian-clang 2019.9.18 8.10 153.41 161.51 OK
r-devel-linux-x86_64-debian-gcc 2019.9.18 7.89 110.10 117.99 OK
r-devel-linux-x86_64-fedora-clang 2019.9.18 193.40 OK
r-devel-linux-x86_64-fedora-gcc 2019.9.18 184.86 OK
r-devel-windows-ix86+x86_64 2019.9.18 16.00 197.00 213.00 ERROR
r-patched-linux-x86_64 2019.9.18 9.01 146.26 155.27 OK
r-patched-solaris-x86 2019.9.18 270.60 OK
r-release-linux-x86_64 2019.9.18 10.09 146.78 156.87 OK
r-release-windows-ix86+x86_64 2019.9.11 19.00 193.00 212.00 OK
r-release-osx-x86_64 2019.9.18 OK
r-oldrel-windows-ix86+x86_64 2019.9.11 13.00 169.00 182.00 OK
r-oldrel-osx-x86_64 2019.9.18 OK

Check Details

Version: 2019.9.18
Check: whether package can be installed
Result: ERROR
    Installation failed.
Flavor: r-devel-windows-ix86+x86_64