CRAN Package Check Results for Package BNPmix

Last updated on 2019-09-21 00:52:36 CEST.

Flavor Version Tinstall Tcheck Ttotal Status Flags
r-devel-linux-x86_64-debian-clang 0.2.2 196.08 43.05 239.13 OK
r-devel-linux-x86_64-debian-gcc 0.2.2 163.66 33.36 197.02 OK
r-devel-linux-x86_64-fedora-clang 0.2.2 378.46 NOTE
r-devel-linux-x86_64-fedora-gcc 0.2.2 350.28 OK
r-devel-windows-ix86+x86_64 0.2.2 504.00 132.00 636.00 OK
r-patched-linux-x86_64 0.2.2 171.16 41.70 212.86 OK
r-patched-solaris-x86 0.2.2 311.20 OK
r-release-linux-x86_64 0.2.2 166.37 42.07 208.44 OK
r-release-windows-ix86+x86_64 0.2.2 343.00 89.00 432.00 OK
r-release-osx-x86_64 0.2.2 NOTE
r-oldrel-windows-ix86+x86_64 0.2.2 345.00 92.00 437.00 OK
r-oldrel-osx-x86_64 0.2.2 NOTE

Additional issues

LTO

Check Details

Version: 0.2.2
Check: installed package size
Result: NOTE
     installed size is 14.9Mb
     sub-directories of 1Mb or more:
     libs 14.6Mb
Flavors: r-devel-linux-x86_64-fedora-clang, r-release-osx-x86_64, r-oldrel-osx-x86_64