CRAN Package Check Results for Package BNPmix

Last updated on 2019-06-26 00:47:11 CEST.

Flavor Version Tinstall Tcheck Ttotal Status Flags
r-devel-linux-x86_64-debian-clang 0.1.2 145.50 43.19 188.69 OK
r-devel-linux-x86_64-debian-gcc 0.1.2 121.75 32.81 154.56 OK
r-devel-linux-x86_64-fedora-clang 0.1.2 294.63 NOTE
r-devel-linux-x86_64-fedora-gcc 0.1.2 273.08 OK
r-devel-windows-ix86+x86_64 0.1.2 403.00 137.00 540.00 OK
r-patched-linux-x86_64 0.1.2 143.42 40.94 184.36 OK
r-patched-solaris-x86 0.1.2 252.00 OK
r-release-linux-x86_64 0.1.2 140.01 41.42 181.43 OK
r-release-windows-ix86+x86_64 0.1.2 321.00 117.00 438.00 OK
r-release-osx-x86_64 0.1.2 NOTE
r-oldrel-windows-ix86+x86_64 0.1.2 278.00 87.00 365.00 OK
r-oldrel-osx-x86_64 0.1.2 NOTE

Check Details

Version: 0.1.2
Check: installed package size
Result: NOTE
     installed size is 7.8Mb
     sub-directories of 1Mb or more:
     libs 7.7Mb
Flavors: r-devel-linux-x86_64-fedora-clang, r-release-osx-x86_64, r-oldrel-osx-x86_64