CRAN Package Check Results for Package BTR

Last updated on 2019-07-16 00:48:01 CEST.

Flavor Version Tinstall Tcheck Ttotal Status Flags
r-devel-linux-x86_64-debian-clang 1.2.4 26.38 51.72 78.10 OK
r-devel-linux-x86_64-debian-gcc 1.2.4 24.34 41.65 65.99 OK
r-devel-linux-x86_64-fedora-clang 1.2.4 106.27 NOTE
r-devel-linux-x86_64-fedora-gcc 1.2.4 102.59 NOTE
r-devel-windows-ix86+x86_64 1.2.4 74.00 126.00 200.00 OK
r-patched-linux-x86_64 1.2.4 26.50 52.43 78.93 OK
r-patched-solaris-x86 1.2.4 127.90 OK
r-release-linux-x86_64 1.2.4 27.97 52.05 80.02 OK
r-release-windows-ix86+x86_64 1.2.4 44.00 93.00 137.00 OK
r-release-osx-x86_64 1.2.4 OK
r-oldrel-windows-ix86+x86_64 1.2.4 63.00 123.00 186.00 OK
r-oldrel-osx-x86_64 1.2.4 OK

Check Details

Version: 1.2.4
Check: compiled code
Result: NOTE
    File ‘BTR/libs/BTR.so’:
     Found no calls to: ‘R_registerRoutines’, ‘R_useDynamicSymbols’
    
    It is good practice to register native routines and to disable symbol
    search.
    
    See ‘Writing portable packages’ in the ‘Writing R Extensions’ manual.
Flavors: r-devel-linux-x86_64-fedora-clang, r-devel-linux-x86_64-fedora-gcc