CRAN Package Check Results for Package BTR

Last updated on 2019-10-20 00:47:25 CEST.

Flavor Version Tinstall Tcheck Ttotal Status Flags
r-devel-linux-x86_64-debian-clang 1.2.4 31.50 51.06 82.56 OK
r-devel-linux-x86_64-debian-gcc 1.2.4 23.20 40.38 63.58 OK
r-devel-linux-x86_64-fedora-clang 1.2.4 108.41 NOTE
r-devel-linux-x86_64-fedora-gcc 1.2.4 109.56 NOTE
r-devel-windows-ix86+x86_64 1.2.4 53.00 86.00 139.00 OK
r-patched-linux-x86_64 1.2.4 24.80 51.22 76.02 OK
r-patched-solaris-x86 1.2.4 124.20 OK
r-release-linux-x86_64 1.2.4 24.82 51.31 76.13 OK
r-release-windows-ix86+x86_64 1.2.4 51.00 89.00 140.00 OK
r-release-osx-x86_64 1.2.4 OK
r-oldrel-windows-ix86+x86_64 1.2.4 47.00 89.00 136.00 OK
r-oldrel-osx-x86_64 1.2.4 OK

Check Details

Version: 1.2.4
Check: compiled code
Result: NOTE
    File ‘BTR/libs/BTR.so’:
     Found no calls to: ‘R_registerRoutines’, ‘R_useDynamicSymbols’
    
    It is good practice to register native routines and to disable symbol
    search.
    
    See ‘Writing portable packages’ in the ‘Writing R Extensions’ manual.
Flavors: r-devel-linux-x86_64-fedora-clang, r-devel-linux-x86_64-fedora-gcc