CRAN Package Check Results for Package BTYDplus

Last updated on 2018-01-24 00:46:49 CET.

Flavor Version Tinstall Tcheck Ttotal Status Flags
r-devel-linux-x86_64-debian-clang 1.0.1 16.13 417.62 433.75 NOTE
r-devel-linux-x86_64-debian-gcc 1.0.1 13.10 296.11 309.21 NOTE
r-devel-linux-x86_64-fedora-clang 1.0.1 526.45 NOTE
r-devel-linux-x86_64-fedora-gcc 1.0.1 506.38 NOTE
r-devel-windows-ix86+x86_64 1.0.1 47.00 374.00 421.00 OK --no-vignettes
r-patched-linux-x86_64 1.0.1 16.40 405.16 421.56 NOTE
r-patched-solaris-x86 1.0.1 736.70 OK
r-release-linux-x86_64 1.0.1 17.22 396.85 414.07 NOTE
r-release-windows-ix86+x86_64 1.0.1 32.00 513.00 545.00 OK --no-vignettes
r-release-osx-x86_64 1.0.1 NOTE
r-oldrel-windows-ix86+x86_64 1.0.1 47.00 517.00 564.00 OK --no-vignettes
r-oldrel-osx-x86_64 1.0.1 OK

Check Details

Version: 1.0.1
Check: compiled code
Result: NOTE
    File ‘BTYDplus/libs/BTYDplus.so’:
     Found no calls to: ‘R_registerRoutines’, ‘R_useDynamicSymbols’
    
    It is good practice to register native routines and to disable symbol
    search.
    
    See ‘Writing portable packages’ in the ‘Writing R Extensions’ manual.
Flavors: r-devel-linux-x86_64-debian-clang, r-devel-linux-x86_64-debian-gcc, r-devel-linux-x86_64-fedora-clang, r-devel-linux-x86_64-fedora-gcc, r-patched-linux-x86_64, r-release-linux-x86_64

Version: 1.0.1
Check: package dependencies
Result: NOTE
    Package suggested but not available for checking: ‘gsl’
Flavor: r-release-osx-x86_64