CRAN Package Check Results for Package BTYDplus

Last updated on 2018-10-18 00:48:00 CEST.

Flavor Version Tinstall Tcheck Ttotal Status Flags
r-devel-linux-x86_64-debian-clang 1.0.1 23.89 400.33 424.22 OK
r-devel-linux-x86_64-debian-gcc 1.0.1 19.40 285.37 304.77 OK
r-devel-linux-x86_64-fedora-clang 1.0.1 516.50 NOTE
r-devel-linux-x86_64-fedora-gcc 1.0.1 505.07 NOTE
r-devel-windows-ix86+x86_64 1.0.1 50.00 386.00 436.00 OK --no-vignettes
r-patched-linux-x86_64 1.0.1 21.51 385.68 407.19 OK
r-patched-solaris-x86 1.0.1 742.40 OK
r-release-linux-x86_64 1.0.1 23.40 384.53 407.93 OK
r-release-windows-ix86+x86_64 1.0.1 53.00 489.00 542.00 OK --no-vignettes
r-release-osx-x86_64 1.0.1 OK
r-oldrel-windows-ix86+x86_64 1.0.1 49.00 422.00 471.00 OK --no-vignettes
r-oldrel-osx-x86_64 1.0.1 NOTE

Check Details

Version: 1.0.1
Check: compiled code
Result: NOTE
    File ‘BTYDplus/libs/BTYDplus.so’:
     Found no calls to: ‘R_registerRoutines’, ‘R_useDynamicSymbols’
    
    It is good practice to register native routines and to disable symbol
    search.
    
    See ‘Writing portable packages’ in the ‘Writing R Extensions’ manual.
Flavors: r-devel-linux-x86_64-fedora-clang, r-devel-linux-x86_64-fedora-gcc

Version: 1.0.1
Check: package dependencies
Result: NOTE
    Package suggested but not available for checking: ‘gsl’
Flavor: r-oldrel-osx-x86_64