CRAN Package Check Results for Package BTYDplus

Last updated on 2019-01-19 00:46:18 CET.

Flavor Version Tinstall Tcheck Ttotal Status Flags
r-devel-linux-x86_64-debian-clang 1.0.1 21.77 636.65 658.42 OK
r-devel-linux-x86_64-debian-gcc 1.0.1 19.54 436.27 455.81 OK
r-devel-linux-x86_64-fedora-clang 1.0.1 524.78 NOTE
r-devel-linux-x86_64-fedora-gcc 1.0.1 535.07 NOTE
r-devel-windows-ix86+x86_64 1.0.1 51.00 491.00 542.00 OK --no-vignettes
r-patched-linux-x86_64 1.0.1 21.55 521.30 542.85 OK
r-patched-solaris-x86 1.0.1 749.60 OK
r-release-linux-x86_64 1.0.1 21.98 522.09 544.07 OK
r-release-windows-ix86+x86_64 1.0.1 50.00 507.00 557.00 OK --no-vignettes
r-release-osx-x86_64 1.0.1 OK
r-oldrel-windows-ix86+x86_64 1.0.1 53.00 369.00 422.00 OK --no-vignettes
r-oldrel-osx-x86_64 1.0.1 NOTE

Check Details

Version: 1.0.1
Check: compiled code
Result: NOTE
    File ‘BTYDplus/libs/BTYDplus.so’:
     Found no calls to: ‘R_registerRoutines’, ‘R_useDynamicSymbols’
    
    It is good practice to register native routines and to disable symbol
    search.
    
    See ‘Writing portable packages’ in the ‘Writing R Extensions’ manual.
Flavors: r-devel-linux-x86_64-fedora-clang, r-devel-linux-x86_64-fedora-gcc

Version: 1.0.1
Check: package dependencies
Result: NOTE
    Package suggested but not available for checking: ‘gsl’
Flavor: r-oldrel-osx-x86_64