CRAN Package Check Results for Package BTYDplus

Last updated on 2018-04-21 00:48:03 CEST.

Flavor Version Tinstall Tcheck Ttotal Status Flags
r-devel-linux-x86_64-debian-clang 1.0.1 18.22 435.45 453.67 NOTE
r-devel-linux-x86_64-debian-gcc 1.0.1 17.80 311.00 328.80 NOTE
r-devel-linux-x86_64-fedora-clang 1.0.1 552.76 NOTE
r-devel-linux-x86_64-fedora-gcc 1.0.1 544.35 NOTE
r-devel-windows-ix86+x86_64 1.0.1 51.00 526.00 577.00 OK --no-vignettes
r-devel-osx-x86_64 1.0.1 OK
r-patched-linux-x86_64 1.0.1 20.96 431.53 452.49 NOTE
r-patched-solaris-x86 1.0.1 881.90 OK
r-release-linux-x86_64 1.0.1 19.11 430.29 449.40 NOTE
r-release-windows-ix86+x86_64 1.0.1 50.00 559.00 609.00 OK --no-vignettes
r-release-osx-x86_64 1.0.1 NOTE
r-oldrel-windows-ix86+x86_64 1.0.1 46.00 589.00 635.00 OK --no-vignettes

Check Details

Version: 1.0.1
Check: compiled code
Result: NOTE
    File ‘BTYDplus/libs/BTYDplus.so’:
     Found no calls to: ‘R_registerRoutines’, ‘R_useDynamicSymbols’
    
    It is good practice to register native routines and to disable symbol
    search.
    
    See ‘Writing portable packages’ in the ‘Writing R Extensions’ manual.
Flavors: r-devel-linux-x86_64-debian-clang, r-devel-linux-x86_64-debian-gcc, r-devel-linux-x86_64-fedora-clang, r-devel-linux-x86_64-fedora-gcc, r-patched-linux-x86_64, r-release-linux-x86_64

Version: 1.0.1
Check: package dependencies
Result: NOTE
    Package suggested but not available for checking: ‘gsl’
Flavor: r-release-osx-x86_64