CRAN Package Check Results for Package BTYDplus

Last updated on 2018-07-17 00:52:31 CEST.

Flavor Version Tinstall Tcheck Ttotal Status Flags
r-devel-linux-x86_64-debian-clang 1.0.1 20.90 357.40 378.30 NOTE
r-devel-linux-x86_64-debian-gcc 1.0.1 19.40 284.89 304.29 NOTE
r-devel-linux-x86_64-fedora-clang 1.0.1 514.51 NOTE
r-devel-linux-x86_64-fedora-gcc 1.0.1 502.69 NOTE
r-devel-windows-ix86+x86_64 1.0.1 55.00 483.00 538.00 OK --no-vignettes
r-patched-linux-x86_64 1.0.1 21.05 377.31 398.36 NOTE
r-patched-solaris-x86 1.0.1 750.20 OK
r-release-linux-x86_64 1.0.1 21.02 378.26 399.28 NOTE
r-release-windows-ix86+x86_64 1.0.1 50.00 571.00 621.00 OK --no-vignettes
r-release-osx-x86_64 1.0.1 OK
r-oldrel-windows-ix86+x86_64 1.0.1 32.00 538.00 570.00 OK --no-vignettes
r-oldrel-osx-x86_64 1.0.1 NOTE

Check Details

Version: 1.0.1
Check: compiled code
Result: NOTE
    File ‘BTYDplus/libs/BTYDplus.so’:
     Found no calls to: ‘R_registerRoutines’, ‘R_useDynamicSymbols’
    
    It is good practice to register native routines and to disable symbol
    search.
    
    See ‘Writing portable packages’ in the ‘Writing R Extensions’ manual.
Flavors: r-devel-linux-x86_64-debian-clang, r-devel-linux-x86_64-debian-gcc, r-devel-linux-x86_64-fedora-clang, r-devel-linux-x86_64-fedora-gcc, r-patched-linux-x86_64, r-release-linux-x86_64

Version: 1.0.1
Check: package dependencies
Result: NOTE
    Package suggested but not available for checking: ‘gsl’
Flavor: r-oldrel-osx-x86_64