CRAN Package Check Results for Package BaTFLED3D

Last updated on 2019-12-06 00:49:49 CET.

Flavor Version Tinstall Tcheck Ttotal Status Flags
r-devel-linux-x86_64-debian-clang 0.2.11 10.43 121.88 132.31 OK
r-devel-linux-x86_64-debian-gcc 0.2.11 10.40 90.34 100.74 OK
r-devel-linux-x86_64-fedora-clang 0.2.11 153.29 OK
r-devel-linux-x86_64-fedora-gcc 0.2.11 142.13 OK
r-devel-windows-ix86+x86_64 0.2.11 15.00 115.00 130.00 NOTE
r-devel-windows-ix86+x86_64-gcc8 0.2.11 17.00 118.00 135.00 NOTE
r-patched-linux-x86_64 0.2.11 11.40 108.17 119.57 OK
r-patched-solaris-x86 0.2.11 170.30 OK
r-release-linux-x86_64 0.2.11 10.53 108.29 118.82 OK
r-release-windows-ix86+x86_64 0.2.11 19.00 110.00 129.00 NOTE
r-release-osx-x86_64 0.2.11 OK
r-oldrel-windows-ix86+x86_64 0.2.11 10.00 110.00 120.00 NOTE
r-oldrel-osx-x86_64 0.2.11 OK

Check Details

Version: 0.2.11
Check: package dependencies
Result: NOTE
    Package suggested but not available for checking: 'doMC'
Flavors: r-devel-windows-ix86+x86_64, r-devel-windows-ix86+x86_64-gcc8, r-release-windows-ix86+x86_64, r-oldrel-windows-ix86+x86_64