CRAN Package Check Results for Package BaTFLED3D

Last updated on 2019-08-19 00:46:18 CEST.

Flavor Version Tinstall Tcheck Ttotal Status Flags
r-devel-linux-x86_64-debian-clang 0.2.11 10.71 109.73 120.44 OK
r-devel-linux-x86_64-debian-gcc 0.2.11 10.04 82.49 92.53 OK
r-devel-linux-x86_64-fedora-clang 0.2.11 140.43 OK
r-devel-linux-x86_64-fedora-gcc 0.2.11 136.31 OK
r-devel-windows-ix86+x86_64 0.2.11 19.00 160.00 179.00 NOTE
r-patched-linux-x86_64 0.2.11 9.91 109.38 119.29 OK
r-patched-solaris-x86 0.2.11 178.60 OK
r-release-linux-x86_64 0.2.11 8.96 106.65 115.61 OK
r-release-windows-ix86+x86_64 0.2.11 14.00 108.00 122.00 NOTE
r-release-osx-x86_64 0.2.11 OK
r-oldrel-windows-ix86+x86_64 0.2.11 17.00 162.00 179.00 NOTE
r-oldrel-osx-x86_64 0.2.11 OK

Check Details

Version: 0.2.11
Check: package dependencies
Result: NOTE
    Package suggested but not available for checking: 'doMC'
Flavors: r-devel-windows-ix86+x86_64, r-release-windows-ix86+x86_64, r-oldrel-windows-ix86+x86_64