CRAN Package Check Results for Package BarcodingR

Last updated on 2019-12-16 00:48:48 CET.

Flavor Version Tinstall Tcheck Ttotal Status Flags
r-devel-linux-x86_64-debian-clang 1.0-2 8.36 56.41 64.77 NOTE
r-devel-linux-x86_64-debian-gcc 1.0-2 6.22 44.70 50.92 NOTE
r-devel-linux-x86_64-fedora-clang 1.0-2 81.43 NOTE
r-devel-linux-x86_64-fedora-gcc 1.0-2 78.29 NOTE
r-devel-windows-ix86+x86_64 1.0-2 13.00 68.00 81.00 OK
r-devel-windows-ix86+x86_64-gcc8 1.0-2 16.00 113.00 129.00 OK
r-patched-linux-x86_64 1.0-2 5.98 52.67 58.65 OK
r-patched-solaris-x86 1.0-2 101.30 OK
r-release-linux-x86_64 1.0-2 6.59 52.40 58.99 OK
r-release-windows-ix86+x86_64 1.0-2 10.00 65.00 75.00 OK
r-release-osx-x86_64 1.0-2 OK
r-oldrel-windows-ix86+x86_64 1.0-2 8.00 63.00 71.00 OK
r-oldrel-osx-x86_64 1.0-2 OK

Check Details

Version: 1.0-2
Check: for non-standard things in the check directory
Result: NOTE
    Found the following files/directories:
     'bbsi_tmp.RData' 'bbsik_tmp.RData' 'identified.txt'
Flavors: r-devel-linux-x86_64-debian-clang, r-devel-linux-x86_64-debian-gcc, r-devel-linux-x86_64-fedora-clang, r-devel-linux-x86_64-fedora-gcc