CRAN Package Check Results for Package BarcodingR

Last updated on 2019-07-16 00:47:59 CEST.

Flavor Version Tinstall Tcheck Ttotal Status Flags
r-devel-linux-x86_64-debian-clang 1.0-2 6.29 51.75 58.04 NOTE
r-devel-linux-x86_64-debian-gcc 1.0-2 5.01 41.32 46.33 NOTE
r-devel-linux-x86_64-fedora-clang 1.0-2 71.69 NOTE
r-devel-linux-x86_64-fedora-gcc 1.0-2 69.08 NOTE
r-devel-windows-ix86+x86_64 1.0-2 15.00 90.00 105.00 OK
r-patched-linux-x86_64 1.0-2 5.91 53.22 59.13 OK
r-patched-solaris-x86 1.0-2 109.00 OK
r-release-linux-x86_64 1.0-2 5.87 53.07 58.94 OK
r-release-windows-ix86+x86_64 1.0-2 11.00 66.00 77.00 OK
r-release-osx-x86_64 1.0-2 OK
r-oldrel-windows-ix86+x86_64 1.0-2 10.00 85.00 95.00 OK
r-oldrel-osx-x86_64 1.0-2 OK

Check Details

Version: 1.0-2
Check: for non-standard things in the check directory
Result: NOTE
    Found the following files/directories:
     'bbsi_tmp.RData' 'bbsik_tmp.RData' 'identified.txt'
Flavors: r-devel-linux-x86_64-debian-clang, r-devel-linux-x86_64-debian-gcc, r-devel-linux-x86_64-fedora-clang, r-devel-linux-x86_64-fedora-gcc