CRAN Package Check Results for Package BayesBD

Last updated on 2019-10-22 00:52:17 CEST.

Flavor Version Tinstall Tcheck Ttotal Status Flags
r-devel-linux-x86_64-debian-clang 1.2 54.31 43.91 98.22 WARN
r-devel-linux-x86_64-debian-gcc 1.2 44.92 34.76 79.68 OK
r-devel-linux-x86_64-fedora-clang 1.2 136.19 WARN
r-devel-linux-x86_64-fedora-gcc 1.2 128.06 OK
r-devel-windows-ix86+x86_64 1.2 73.00 84.00 157.00 OK
r-patched-linux-x86_64 1.2 41.89 43.39 85.28 OK
r-patched-solaris-x86 1.2 128.40 OK
r-release-linux-x86_64 1.2 40.28 43.05 83.33 OK
r-release-windows-ix86+x86_64 1.2 114.00 90.00 204.00 OK
r-release-osx-x86_64 1.2 ERROR
r-oldrel-windows-ix86+x86_64 1.2 73.00 79.00 152.00 OK
r-oldrel-osx-x86_64 1.2 ERROR

Check Details

Version: 1.2
Check: whether package can be installed
Result: WARN
    Found the following significant warnings:
     rcpparma_hello_world.cpp:930:4: warning: explicitly assigning value of variable of type 'arma::colvec' (aka 'Col<double>') to itself [-Wself-assign-overloaded]
     rcpparma_hello_world.cpp:930:12: warning: explicitly assigning value of variable of type 'arma::colvec' (aka 'Col<double>') to itself [-Wself-assign-overloaded]
     rcpparma_hello_world.cpp:939:4: warning: explicitly assigning value of variable of type 'arma::colvec' (aka 'Col<double>') to itself [-Wself-assign-overloaded]
     rcpparma_hello_world.cpp:939:12: warning: explicitly assigning value of variable of type 'arma::colvec' (aka 'Col<double>') to itself [-Wself-assign-overloaded]
Flavors: r-devel-linux-x86_64-debian-clang, r-devel-linux-x86_64-fedora-clang

Version: 1.2
Check: package dependencies
Result: ERROR
    Package required but not available: ‘mritc’
    
    See section ‘The DESCRIPTION file’ in the ‘Writing R Extensions’
    manual.
Flavors: r-release-osx-x86_64, r-oldrel-osx-x86_64