CRAN Package Check Results for Package BayesBD

Last updated on 2019-07-16 00:47:59 CEST.

Flavor Version Tinstall Tcheck Ttotal Status Flags
r-devel-linux-x86_64-debian-clang 1.2 49.34 42.85 92.19 WARN
r-devel-linux-x86_64-debian-gcc 1.2 37.32 34.19 71.51 OK
r-devel-linux-x86_64-fedora-clang 1.2 124.74 WARN
r-devel-linux-x86_64-fedora-gcc 1.2 122.85 OK
r-devel-windows-ix86+x86_64 1.2 107.00 83.00 190.00 OK
r-patched-linux-x86_64 1.2 41.22 42.69 83.91 OK
r-patched-solaris-x86 1.2 137.40 OK
r-release-linux-x86_64 1.2 40.69 42.90 83.59 OK
r-release-windows-ix86+x86_64 1.2 83.00 123.00 206.00 OK
r-release-osx-x86_64 1.2 ERROR
r-oldrel-windows-ix86+x86_64 1.2 100.00 107.00 207.00 OK
r-oldrel-osx-x86_64 1.2 ERROR

Check Details

Version: 1.2
Check: whether package can be installed
Result: WARN
    Found the following significant warnings:
     rcpparma_hello_world.cpp:930:4: warning: explicitly assigning value of variable of type 'arma::colvec' (aka 'Col<double>') to itself [-Wself-assign-overloaded]
     rcpparma_hello_world.cpp:930:12: warning: explicitly assigning value of variable of type 'arma::colvec' (aka 'Col<double>') to itself [-Wself-assign-overloaded]
     rcpparma_hello_world.cpp:939:4: warning: explicitly assigning value of variable of type 'arma::colvec' (aka 'Col<double>') to itself [-Wself-assign-overloaded]
     rcpparma_hello_world.cpp:939:12: warning: explicitly assigning value of variable of type 'arma::colvec' (aka 'Col<double>') to itself [-Wself-assign-overloaded]
Flavors: r-devel-linux-x86_64-debian-clang, r-devel-linux-x86_64-fedora-clang

Version: 1.2
Check: package dependencies
Result: ERROR
    Package required but not available: ‘mritc’
    
    See section ‘The DESCRIPTION file’ in the ‘Writing R Extensions’
    manual.
Flavors: r-release-osx-x86_64, r-oldrel-osx-x86_64