CRAN Package Check Results for Package BayesNI

Last updated on 2019-09-22 00:47:33 CEST.

Flavor Version Tinstall Tcheck Ttotal Status Flags
r-devel-linux-x86_64-debian-clang 0.1 1.66 17.61 19.27 NOTE
r-devel-linux-x86_64-debian-gcc 0.1 1.50 14.29 15.79 NOTE
r-devel-linux-x86_64-fedora-clang 0.1 24.89 NOTE
r-devel-linux-x86_64-fedora-gcc 0.1 24.53 NOTE
r-devel-windows-ix86+x86_64 0.1 7.00 37.00 44.00 NOTE
r-patched-linux-x86_64 0.1 1.83 17.58 19.41 NOTE
r-patched-solaris-x86 0.1 39.40 NOTE
r-release-linux-x86_64 0.1 1.75 17.43 19.18 NOTE
r-release-windows-ix86+x86_64 0.1 4.00 37.00 41.00 NOTE
r-release-osx-x86_64 0.1 NOTE
r-oldrel-windows-ix86+x86_64 0.1 2.00 24.00 26.00 NOTE
r-oldrel-osx-x86_64 0.1 NOTE

Check Details

Version: 0.1
Check: DESCRIPTION meta-information
Result: NOTE
    Malformed Description field: should contain one or more complete sentences.
Flavors: r-devel-linux-x86_64-debian-clang, r-devel-linux-x86_64-debian-gcc, r-devel-linux-x86_64-fedora-clang, r-devel-linux-x86_64-fedora-gcc, r-devel-windows-ix86+x86_64, r-patched-linux-x86_64, r-patched-solaris-x86, r-release-linux-x86_64, r-release-windows-ix86+x86_64, r-release-osx-x86_64, r-oldrel-windows-ix86+x86_64, r-oldrel-osx-x86_64

Version: 0.1
Check: R code for possible problems
Result: NOTE
    noninform_prior : a : f1: no visible global function definition for
     'pbeta'
    noninform_prior : a : f1: no visible global function definition for
     'dbeta'
    noninform_prior : a: no visible global function definition for
     'integrate'
    noninform_prior: no visible global function definition for 'rbeta'
    noninform_prior: no visible global function definition for 'optim'
    postNullFun : b : f1: no visible global function definition for 'pbeta'
    postNullFun : b : f1: no visible global function definition for 'dbeta'
    postNullFun : b: no visible global function definition for 'integrate'
    prior_prob : a : f1: no visible global function definition for 'pbeta'
    prior_prob : a : f1: no visible global function definition for 'dbeta'
    prior_prob : a: no visible global function definition for 'integrate'
    Undefined global functions or variables:
     dbeta integrate optim pbeta rbeta
    Consider adding
     importFrom("stats", "dbeta", "integrate", "optim", "pbeta", "rbeta")
    to your NAMESPACE file.
Flavors: r-devel-linux-x86_64-debian-clang, r-devel-linux-x86_64-debian-gcc, r-devel-linux-x86_64-fedora-clang, r-devel-linux-x86_64-fedora-gcc, r-devel-windows-ix86+x86_64, r-patched-linux-x86_64, r-patched-solaris-x86, r-release-linux-x86_64, r-release-windows-ix86+x86_64, r-release-osx-x86_64, r-oldrel-windows-ix86+x86_64, r-oldrel-osx-x86_64