CRAN Package Check Results for Package BiDAG

Last updated on 2019-09-21 00:52:35 CEST.

Flavor Version Tinstall Tcheck Ttotal Status Flags
r-devel-linux-x86_64-debian-clang 1.2.0 27.16 76.20 103.36 OK
r-devel-linux-x86_64-debian-gcc 1.2.0 20.44 59.95 80.39 OK
r-devel-linux-x86_64-fedora-clang 1.2.0 126.96 OK
r-devel-linux-x86_64-fedora-gcc 1.2.0 124.37 OK
r-devel-windows-ix86+x86_64 1.2.0 61.00 144.00 205.00 OK
r-patched-linux-x86_64 1.2.0 24.63 75.21 99.84 OK
r-patched-solaris-x86 1.2.0 154.10 OK
r-release-linux-x86_64 1.2.0 21.64 76.04 97.68 OK
r-release-windows-ix86+x86_64 1.2.0 36.00 100.00 136.00 OK
r-release-osx-x86_64 1.2.0 ERROR
r-oldrel-windows-ix86+x86_64 1.2.0 39.00 119.00 158.00 OK
r-oldrel-osx-x86_64 1.2.0 OK

Check Details

Version: 1.2.0
Check: package dependencies
Result: ERROR
    Package required but not available: ‘pcalg’
    
    See section ‘The DESCRIPTION file’ in the ‘Writing R Extensions’
    manual.
Flavor: r-release-osx-x86_64