CRAN Package Check Results for Package BiDAG

Last updated on 2019-06-21 00:51:59 CEST.

Flavor Version Tinstall Tcheck Ttotal Status Flags
r-devel-linux-x86_64-debian-clang 1.1.2 25.34 87.52 112.86 OK
r-devel-linux-x86_64-debian-gcc 1.1.2 19.31 68.52 87.83 OK
r-devel-linux-x86_64-fedora-clang 1.1.2 117.35 OK
r-devel-linux-x86_64-fedora-gcc 1.1.2 112.48 OK
r-devel-windows-ix86+x86_64 1.1.2 61.00 158.00 219.00 OK
r-patched-linux-x86_64 1.1.2 25.08 87.42 112.50 OK
r-patched-solaris-x86 1.1.2 159.50 OK
r-release-linux-x86_64 1.1.2 22.68 87.82 110.50 OK
r-release-windows-ix86+x86_64 1.1.2 62.00 163.00 225.00 OK
r-release-osx-x86_64 1.1.2 ERROR
r-oldrel-windows-ix86+x86_64 1.1.2 34.00 156.00 190.00 OK
r-oldrel-osx-x86_64 1.1.2 OK

Check Details

Version: 1.1.2
Check: package dependencies
Result: ERROR
    Package required but not available: ‘pcalg’
    
    See section ‘The DESCRIPTION file’ in the ‘Writing R Extensions’
    manual.
Flavor: r-release-osx-x86_64