CRAN Package Check Results for Package BioFTF

Last updated on 2019-09-22 00:47:33 CEST.

Flavor Version Tinstall Tcheck Ttotal Status Flags
r-devel-linux-x86_64-debian-clang 1.2-0 3.20 22.18 25.38 NOTE
r-devel-linux-x86_64-debian-gcc 1.2-0 2.51 17.51 20.02 NOTE
r-devel-linux-x86_64-fedora-clang 1.2-0 30.99 NOTE
r-devel-linux-x86_64-fedora-gcc 1.2-0 30.18 NOTE
r-devel-windows-ix86+x86_64 1.2-0 9.00 31.00 40.00 NOTE
r-patched-linux-x86_64 1.2-0 2.74 22.00 24.74 NOTE
r-patched-solaris-x86 1.2-0 42.80 NOTE
r-release-linux-x86_64 1.2-0 3.03 22.56 25.59 NOTE
r-release-windows-ix86+x86_64 1.2-0 5.00 32.00 37.00 NOTE
r-release-osx-x86_64 1.2-0 NOTE
r-oldrel-windows-ix86+x86_64 1.2-0 4.00 35.00 39.00 NOTE
r-oldrel-osx-x86_64 1.2-0 NOTE

Check Details

Version: 1.2-0
Check: DESCRIPTION meta-information
Result: NOTE
    BugReports field is not a suitable URL but appears to contain an email address
     not specified by mailto: nor contained in < >
     use the Contact field instead
Flavors: r-devel-linux-x86_64-debian-clang, r-devel-linux-x86_64-debian-gcc, r-devel-linux-x86_64-fedora-clang, r-devel-linux-x86_64-fedora-gcc, r-devel-windows-ix86+x86_64, r-patched-linux-x86_64

Version: 1.2-0
Check: for non-standard things in the check directory
Result: NOTE
    Found the following files/directories:
     'Plots.pdf'
Flavors: r-devel-linux-x86_64-debian-clang, r-devel-linux-x86_64-debian-gcc, r-devel-linux-x86_64-fedora-clang, r-devel-linux-x86_64-fedora-gcc

Version: 1.2-0
Check: DESCRIPTION meta-information
Result: NOTE
    BugReports field is not a suitable URL but appears to contain an email address
     not specified by mailto: nor contained in < >
Flavors: r-patched-solaris-x86, r-release-linux-x86_64, r-release-windows-ix86+x86_64, r-release-osx-x86_64, r-oldrel-windows-ix86+x86_64, r-oldrel-osx-x86_64