CRAN Package Check Results for Package BioFTF

Last updated on 2020-02-21 00:49:35 CET.

Flavor Version Tinstall Tcheck Ttotal Status Flags
r-devel-linux-x86_64-debian-clang 1.2-0 3.64 23.77 27.41 NOTE
r-devel-linux-x86_64-debian-gcc 1.2-0 2.99 18.70 21.69 NOTE
r-devel-linux-x86_64-fedora-clang 1.2-0 33.25 NOTE
r-devel-linux-x86_64-fedora-gcc 1.2-0 32.62 NOTE
r-devel-windows-ix86+x86_64 1.2-0 7.00 34.00 41.00 NOTE
r-devel-windows-ix86+x86_64-gcc8 1.2-0 12.00 50.00 62.00 NOTE
r-patched-linux-x86_64 1.2-0 3.30 21.88 25.18 NOTE
r-patched-solaris-x86 1.2-0 43.80 NOTE
r-release-linux-x86_64 1.2-0 3.15 22.28 25.43 NOTE
r-release-windows-ix86+x86_64 1.2-0 6.00 37.00 43.00 NOTE
r-release-osx-x86_64 1.2-0 NOTE
r-oldrel-windows-ix86+x86_64 1.2-0 3.00 34.00 37.00 NOTE
r-oldrel-osx-x86_64 1.2-0 NOTE

Check Details

Version: 1.2-0
Check: DESCRIPTION meta-information
Result: NOTE
    BugReports field is not a suitable URL but appears to contain an email address
     not specified by mailto: nor contained in < >
     use the Contact field instead
Flavors: r-devel-linux-x86_64-debian-clang, r-devel-linux-x86_64-debian-gcc, r-devel-linux-x86_64-fedora-clang, r-devel-linux-x86_64-fedora-gcc, r-devel-windows-ix86+x86_64, r-devel-windows-ix86+x86_64-gcc8, r-patched-linux-x86_64, r-patched-solaris-x86, r-release-linux-x86_64, r-release-windows-ix86+x86_64

Version: 1.2-0
Check: for non-standard things in the check directory
Result: NOTE
    Found the following files/directories:
     'Plots.pdf'
Flavors: r-devel-linux-x86_64-debian-clang, r-devel-linux-x86_64-debian-gcc, r-devel-linux-x86_64-fedora-clang, r-devel-linux-x86_64-fedora-gcc

Version: 1.2-0
Check: DESCRIPTION meta-information
Result: NOTE
    BugReports field is not a suitable URL but appears to contain an email address
     not specified by mailto: nor contained in < >
Flavors: r-release-osx-x86_64, r-oldrel-windows-ix86+x86_64, r-oldrel-osx-x86_64