CRAN Package Check Results for Package BiocManager

Last updated on 2019-12-06 00:49:50 CET.

Flavor Version Tinstall Tcheck Ttotal Status Flags
r-devel-linux-x86_64-debian-clang 1.30.10 2.51 91.09 93.60 OK
r-devel-linux-x86_64-debian-gcc 1.30.10 2.33 64.90 67.23 OK
r-devel-linux-x86_64-fedora-clang 1.30.10 91.27 NOTE
r-devel-linux-x86_64-fedora-gcc 1.30.10 91.12 NOTE
r-devel-windows-ix86+x86_64 1.30.10 9.00 55.00 64.00 OK
r-devel-windows-ix86+x86_64-gcc8 1.30.10 8.00 55.00 63.00 NOTE
r-patched-linux-x86_64 1.30.10 2.33 75.19 77.52 OK
r-patched-solaris-x86 1.30.10 58.90 OK
r-release-linux-x86_64 1.30.10 2.13 74.12 76.25 OK
r-release-windows-ix86+x86_64 1.30.10 11.00 54.00 65.00 OK
r-release-osx-x86_64 1.30.10 NOTE
r-oldrel-windows-ix86+x86_64 1.30.10 4.00 51.00 55.00 OK
r-oldrel-osx-x86_64 1.30.10 NOTE

Check Details

Version: 1.30.10
Check: package dependencies
Result: NOTE
    Package suggested but not available for checking: ‘BiocVersion’
Flavors: r-devel-linux-x86_64-fedora-clang, r-devel-linux-x86_64-fedora-gcc, r-devel-windows-ix86+x86_64-gcc8

Version: 1.30.10
Check: package dependencies
Result: NOTE
    Packages suggested but not available for checking:
     'BiocStyle', 'BiocVersion'
Flavor: r-release-osx-x86_64

Version: 1.30.10
Check: package dependencies
Result: NOTE
    Packages suggested but not available for checking:
     ‘BiocStyle’ ‘BiocVersion’
Flavor: r-oldrel-osx-x86_64