CRAN Package Check Results for Package Bmix

Last updated on 2019-06-18 00:51:30 CEST.

Flavor Version Tinstall Tcheck Ttotal Status Flags
r-devel-linux-x86_64-debian-clang 0.6 10.57 17.96 28.53 OK
r-devel-linux-x86_64-debian-gcc 0.6 6.97 14.78 21.75 OK
r-devel-linux-x86_64-fedora-clang 0.6 38.82 NOTE
r-devel-linux-x86_64-fedora-gcc 0.6 34.66 NOTE
r-devel-windows-ix86+x86_64 0.6 33.00 47.00 80.00 OK
r-patched-linux-x86_64 0.6 8.36 18.27 26.63 OK
r-patched-solaris-x86 0.6 54.80 OK
r-release-linux-x86_64 0.6 8.67 18.22 26.89 OK
r-release-windows-ix86+x86_64 0.6 28.00 67.00 95.00 OK
r-release-osx-x86_64 0.6 OK
r-oldrel-windows-ix86+x86_64 0.6 24.00 42.00 66.00 OK
r-oldrel-osx-x86_64 0.6 OK

Check Details

Version: 0.6
Check: compiled code
Result: NOTE
    File ‘Bmix/libs/Bmix.so’:
     Found no calls to: ‘R_registerRoutines’, ‘R_useDynamicSymbols’
    
    It is good practice to register native routines and to disable symbol
    search.
    
    See ‘Writing portable packages’ in the ‘Writing R Extensions’ manual.
Flavors: r-devel-linux-x86_64-fedora-clang, r-devel-linux-x86_64-fedora-gcc