CRAN Package Check Results for Package Bmix

Last updated on 2019-09-17 00:49:10 CEST.

Flavor Version Tinstall Tcheck Ttotal Status Flags
r-devel-linux-x86_64-debian-clang 0.6 10.06 17.37 27.43 OK
r-devel-linux-x86_64-debian-gcc 0.6 OK
r-devel-linux-x86_64-fedora-clang 0.6 39.27 NOTE
r-devel-linux-x86_64-fedora-gcc 0.6 35.11 NOTE
r-devel-windows-ix86+x86_64 0.6 51.00 64.00 115.00 OK
r-patched-linux-x86_64 0.6 7.90 17.69 25.59 OK
r-patched-solaris-x86 0.6 52.30 OK
r-release-linux-x86_64 0.6 8.14 18.48 26.62 OK
r-release-windows-ix86+x86_64 0.6 25.00 48.00 73.00 OK
r-release-osx-x86_64 0.6 OK
r-oldrel-windows-ix86+x86_64 0.6 23.00 41.00 64.00 OK
r-oldrel-osx-x86_64 0.6 OK

Check Details

Version: 0.6
Check: compiled code
Result: NOTE
    File ‘Bmix/libs/Bmix.so’:
     Found no calls to: ‘R_registerRoutines’, ‘R_useDynamicSymbols’
    
    It is good practice to register native routines and to disable symbol
    search.
    
    See ‘Writing portable packages’ in the ‘Writing R Extensions’ manual.
Flavors: r-devel-linux-x86_64-fedora-clang, r-devel-linux-x86_64-fedora-gcc