CRAN Package Check Results for Package BoSSA

Last updated on 2019-11-12 00:52:39 CET.

Flavor Version Tinstall Tcheck Ttotal Status Flags
r-devel-linux-x86_64-debian-clang 3.6 8.77 145.24 154.01 NOTE
r-devel-linux-x86_64-debian-gcc 3.6 8.67 106.89 115.56 NOTE
r-devel-linux-x86_64-fedora-clang 3.6 191.49 NOTE
r-devel-linux-x86_64-fedora-gcc 3.6 178.21 NOTE
r-devel-windows-ix86+x86_64 3.6 21.00 191.00 212.00 OK
r-patched-linux-x86_64 3.6 9.61 132.88 142.49 OK
r-patched-solaris-x86 3.6 241.40 OK
r-release-linux-x86_64 3.6 10.36 136.83 147.19 OK
r-release-windows-ix86+x86_64 3.6 25.00 230.00 255.00 OK
r-release-osx-x86_64 3.6 OK
r-oldrel-windows-ix86+x86_64 3.6 17.00 229.00 246.00 OK
r-oldrel-osx-x86_64 3.6 OK

Check Details

Version: 3.6
Check: for non-standard things in the check directory
Result: NOTE
    Found the following files/directories:
     'for_krona.txt' 'test.jplace'
Flavors: r-devel-linux-x86_64-debian-clang, r-devel-linux-x86_64-debian-gcc, r-devel-linux-x86_64-fedora-clang, r-devel-linux-x86_64-fedora-gcc