CRAN Package Check Results for Package Brundle

Last updated on 2019-09-17 00:49:10 CEST.

Flavor Version Tinstall Tcheck Ttotal Status Flags
r-devel-linux-x86_64-debian-clang 1.0.9 48.39 509.76 558.15 OK
r-devel-linux-x86_64-debian-gcc 1.0.9 OK
r-devel-linux-x86_64-fedora-clang 1.0.9 753.66 OK
r-devel-linux-x86_64-fedora-gcc 1.0.9 693.92 OK
r-devel-windows-ix86+x86_64 1.0.9 174.00 448.00 622.00 OK
r-patched-linux-x86_64 1.0.9 46.29 475.09 521.38 OK
r-patched-solaris-x86 1.0.9 1028.10 OK
r-release-linux-x86_64 1.0.9 48.86 477.26 526.12 OK
r-release-windows-ix86+x86_64 1.0.9 141.00 651.00 792.00 OK
r-release-osx-x86_64 1.0.9 ERROR
r-oldrel-windows-ix86+x86_64 1.0.9 84.00 389.00 473.00 OK
r-oldrel-osx-x86_64 1.0.9 ERROR

Check Details

Version: 1.0.9
Check: package dependencies
Result: ERROR
    Packages required but not available: 'DiffBind', 'Rsamtools', 'DESeq2'
    
    See section ‘The DESCRIPTION file’ in the ‘Writing R Extensions’
    manual.
Flavor: r-release-osx-x86_64

Version: 1.0.9
Check: package dependencies
Result: ERROR
    Packages required but not available: ‘DiffBind’ ‘Rsamtools’
    
    See section ‘The DESCRIPTION file’ in the ‘Writing R Extensions’
    manual.
Flavor: r-oldrel-osx-x86_64