CRAN Package Check Results for Package C50

Last updated on 2019-08-17 00:51:08 CEST.

Flavor Version Tinstall Tcheck Ttotal Status Flags
r-devel-linux-x86_64-debian-clang 0.1.2 20.56 72.97 93.53 OK
r-devel-linux-x86_64-debian-gcc 0.1.2 15.02 58.29 73.31 WARN
r-devel-linux-x86_64-fedora-clang 0.1.2 113.09 OK
r-devel-linux-x86_64-fedora-gcc 0.1.2 111.51 WARN
r-devel-windows-ix86+x86_64 0.1.2 58.00 160.00 218.00 OK
r-patched-linux-x86_64 0.1.2 17.90 71.64 89.54 WARN
r-patched-solaris-x86 0.1.2 176.50 OK
r-release-linux-x86_64 0.1.2 16.41 71.97 88.38 WARN
r-release-windows-ix86+x86_64 0.1.2 81.00 151.00 232.00 OK
r-release-osx-x86_64 0.1.2 OK
r-oldrel-windows-ix86+x86_64 0.1.2 78.00 141.00 219.00 OK
r-oldrel-osx-x86_64 0.1.2 OK

Additional issues

LTO

Check Details

Version: 0.1.2
Check: whether package can be installed
Result: WARN
    Found the following significant warnings:
     /usr/include/x86_64-linux-gnu/bits/string_fortified.h:106:10: warning: ‘__builtin_strncpy’ specified bound 2048 equals destination size [-Wstringop-truncation]
Flavor: r-devel-linux-x86_64-debian-gcc

Version: 0.1.2
Check: whether package can be installed
Result: WARN
    Found the following significant warnings:
     /usr/include/bits/string_fortified.h:106:10: warning: ‘__builtin_strncpy’ specified bound 2048 equals destination size [-Wstringop-truncation]
Flavor: r-devel-linux-x86_64-fedora-gcc

Version: 0.1.2
Check: whether package can be installed
Result: WARN
    Found the following significant warnings:
     hash.c:144:5: warning: ‘strncpy’ specified bound 2048 equals destination size [-Wstringop-truncation]
Flavors: r-patched-linux-x86_64, r-release-linux-x86_64