CRAN Package Check Results for Package C50

Last updated on 2019-12-06 00:49:51 CET.

Flavor Version Tinstall Tcheck Ttotal Status Flags
r-devel-linux-x86_64-debian-clang 0.1.2 22.15 79.71 101.86 WARN
r-devel-linux-x86_64-debian-gcc 0.1.2 17.29 61.12 78.41 WARN
r-devel-linux-x86_64-fedora-clang 0.1.2 131.05 WARN
r-devel-linux-x86_64-fedora-gcc 0.1.2 114.14 WARN
r-devel-windows-ix86+x86_64 0.1.2 58.00 106.00 164.00 WARN
r-devel-windows-ix86+x86_64-gcc8 0.1.2 65.00 113.00 178.00 WARN
r-patched-linux-x86_64 0.1.2 15.94 72.92 88.86 WARN
r-patched-solaris-x86 0.1.2 163.70 OK
r-release-linux-x86_64 0.1.2 16.83 71.78 88.61 WARN
r-release-windows-ix86+x86_64 0.1.2 80.00 101.00 181.00 OK
r-release-osx-x86_64 0.1.2 OK
r-oldrel-windows-ix86+x86_64 0.1.2 57.00 114.00 171.00 OK
r-oldrel-osx-x86_64 0.1.2 OK

Additional issues

gcc10 LTO

Check Details

Version: 0.1.2
Check: whether package can be installed
Result: WARN
    Found the following significant warnings:
     rulebasedmodels.c:65:3: warning: expression result unused [-Wunused-value]
     rulebasedmodels.c:75:3: warning: expression result unused [-Wunused-value]
     rulebasedmodels.c:76:3: warning: expression result unused [-Wunused-value]
     rulebasedmodels.c:115:3: warning: expression result unused [-Wunused-value]
     rulebasedmodels.c:128:3: warning: expression result unused [-Wunused-value]
     rulebasedmodels.c:143:3: warning: expression result unused [-Wunused-value]
     rulebasedmodels.c:151:3: warning: expression result unused [-Wunused-value]
     rulebasedmodels.c:161:3: warning: expression result unused [-Wunused-value]
     rulebasedmodels.c:162:3: warning: expression result unused [-Wunused-value]
     rulebasedmodels.c:178:3: warning: expression result unused [-Wunused-value]
Flavors: r-devel-linux-x86_64-debian-clang, r-devel-linux-x86_64-fedora-clang

Version: 0.1.2
Check: whether package can be installed
Result: WARN
    Found the following significant warnings:
     /usr/include/x86_64-linux-gnu/bits/string_fortified.h:106:10: warning: ‘__builtin_strncpy’ specified bound 2048 equals destination size [-Wstringop-truncation]
     rulebasedmodels.c:65:3: warning: statement with no effect [-Wunused-value]
     rulebasedmodels.c:75:3: warning: statement with no effect [-Wunused-value]
     rulebasedmodels.c:76:3: warning: statement with no effect [-Wunused-value]
     rulebasedmodels.c:115:3: warning: statement with no effect [-Wunused-value]
     rulebasedmodels.c:128:3: warning: statement with no effect [-Wunused-value]
     rulebasedmodels.c:143:3: warning: statement with no effect [-Wunused-value]
     rulebasedmodels.c:151:3: warning: statement with no effect [-Wunused-value]
     rulebasedmodels.c:161:3: warning: statement with no effect [-Wunused-value]
     rulebasedmodels.c:162:3: warning: statement with no effect [-Wunused-value]
     rulebasedmodels.c:178:3: warning: statement with no effect [-Wunused-value]
Flavor: r-devel-linux-x86_64-debian-gcc

Version: 0.1.2
Check: whether package can be installed
Result: WARN
    Found the following significant warnings:
     /usr/include/bits/string_fortified.h:106:10: warning: ‘__builtin_strncpy’ specified bound 2048 equals destination size [-Wstringop-truncation]
     rulebasedmodels.c:65:3: warning: statement with no effect [-Wunused-value]
     rulebasedmodels.c:75:3: warning: statement with no effect [-Wunused-value]
     rulebasedmodels.c:76:3: warning: statement with no effect [-Wunused-value]
     rulebasedmodels.c:115:3: warning: statement with no effect [-Wunused-value]
     rulebasedmodels.c:128:3: warning: statement with no effect [-Wunused-value]
     rulebasedmodels.c:143:3: warning: statement with no effect [-Wunused-value]
     rulebasedmodels.c:151:3: warning: statement with no effect [-Wunused-value]
     rulebasedmodels.c:161:3: warning: statement with no effect [-Wunused-value]
     rulebasedmodels.c:162:3: warning: statement with no effect [-Wunused-value]
     rulebasedmodels.c:178:3: warning: statement with no effect [-Wunused-value]
Flavor: r-devel-linux-x86_64-fedora-gcc

Version: 0.1.2
Check: whether package can be installed
Result: WARN
    Found the following significant warnings:
     rulebasedmodels.c:65:3: warning: statement with no effect [-Wunused-value]
     rulebasedmodels.c:75:3: warning: statement with no effect [-Wunused-value]
     rulebasedmodels.c:76:3: warning: statement with no effect [-Wunused-value]
     rulebasedmodels.c:115:3: warning: statement with no effect [-Wunused-value]
     rulebasedmodels.c:128:3: warning: statement with no effect [-Wunused-value]
     rulebasedmodels.c:143:3: warning: statement with no effect [-Wunused-value]
     rulebasedmodels.c:151:3: warning: statement with no effect [-Wunused-value]
     rulebasedmodels.c:161:3: warning: statement with no effect [-Wunused-value]
     rulebasedmodels.c:162:3: warning: statement with no effect [-Wunused-value]
     rulebasedmodels.c:178:3: warning: statement with no effect [-Wunused-value]
Flavors: r-devel-windows-ix86+x86_64, r-devel-windows-ix86+x86_64-gcc8

Version: 0.1.2
Check: whether package can be installed
Result: WARN
    Found the following significant warnings:
     hash.c:144:5: warning: ‘strncpy’ specified bound 2048 equals destination size [-Wstringop-truncation]
Flavors: r-patched-linux-x86_64, r-release-linux-x86_64