CRAN Package Check Results for Package CAISEr

Last updated on 2019-08-20 00:50:42 CEST.

Flavor Version Tinstall Tcheck Ttotal Status Flags
r-devel-linux-x86_64-debian-clang 1.0.14 3.80 98.47 102.27 OK
r-devel-linux-x86_64-debian-gcc 1.0.14 2.60 77.17 79.77 OK
r-devel-linux-x86_64-fedora-clang 1.0.15 123.34 OK
r-devel-linux-x86_64-fedora-gcc 1.0.15 120.95 OK
r-devel-windows-ix86+x86_64 1.0.14 9.00 104.00 113.00 OK
r-patched-linux-x86_64 1.0.14 3.52 94.33 97.85 OK
r-patched-solaris-x86 1.0.14 96.30 NOTE
r-release-linux-x86_64 1.0.14 3.07 99.44 102.51 OK
r-release-windows-ix86+x86_64 1.0.14 8.00 64.00 72.00 OK
r-release-osx-x86_64 1.0.14 NOTE
r-oldrel-windows-ix86+x86_64 0.3.3 6.00 66.00 72.00 OK
r-oldrel-osx-x86_64 1.0.14 ERROR

Check Details

Version: 1.0.14
Check: dependencies in R code
Result: NOTE
    Namespaces in Imports field not imported from:
     ‘grid’ ‘lattice’
     All declared Imports should be used.
Flavors: r-patched-solaris-x86, r-release-osx-x86_64

Version: 1.0.14
Check: package dependencies
Result: ERROR
    Package required and available but unsuitable version: ‘grid’
    
    See section ‘The DESCRIPTION file’ in the ‘Writing R Extensions’
    manual.
Flavor: r-oldrel-osx-x86_64