CRAN Package Check Results for Package CCP

Last updated on 2019-09-21 00:52:36 CEST.

Flavor Version Tinstall Tcheck Ttotal Status Flags
r-devel-linux-x86_64-debian-clang 1.1 2.10 26.03 28.13 NOTE
r-devel-linux-x86_64-debian-gcc 1.1 1.69 19.88 21.57 NOTE
r-devel-linux-x86_64-fedora-clang 1.1 33.33 NOTE
r-devel-linux-x86_64-fedora-gcc 1.1 32.43 NOTE
r-devel-windows-ix86+x86_64 1.1 12.00 45.00 57.00 NOTE
r-patched-linux-x86_64 1.1 1.82 25.18 27.00 NOTE
r-patched-solaris-x86 1.1 48.50 NOTE
r-release-linux-x86_64 1.1 1.85 25.38 27.23 NOTE
r-release-windows-ix86+x86_64 1.1 5.00 49.00 54.00 NOTE
r-release-osx-x86_64 1.1 NOTE
r-oldrel-windows-ix86+x86_64 1.1 2.00 34.00 36.00 NOTE
r-oldrel-osx-x86_64 1.1 NOTE

Check Details

Version: 1.1
Check: DESCRIPTION meta-information
Result: NOTE
    Malformed Description field: should contain one or more complete sentences.
Flavors: r-devel-linux-x86_64-debian-clang, r-devel-linux-x86_64-debian-gcc, r-devel-linux-x86_64-fedora-clang, r-devel-linux-x86_64-fedora-gcc, r-devel-windows-ix86+x86_64, r-patched-linux-x86_64, r-patched-solaris-x86, r-release-linux-x86_64, r-release-windows-ix86+x86_64, r-release-osx-x86_64, r-oldrel-windows-ix86+x86_64, r-oldrel-osx-x86_64

Version: 1.1
Check: R code for possible problems
Result: NOTE
    p.Roy: no visible global function definition for 'pf'
    p.asym: no visible global function definition for 'pf'
    p.perm: no visible global function definition for 'cancor'
    plt.asym: no visible global function definition for 'qf'
    plt.asym: no visible global function definition for 'plot'
    plt.asym: no visible global function definition for 'df'
    plt.asym: no visible global function definition for 'abline'
    plt.perm: no visible global function definition for 'hist'
    plt.perm: no visible global function definition for 'mtext'
    plt.perm: no visible global function definition for 'abline'
    Undefined global functions or variables:
     abline cancor df hist mtext pf plot qf
    Consider adding
     importFrom("graphics", "abline", "hist", "mtext", "plot")
     importFrom("stats", "cancor", "df", "pf", "qf")
    to your NAMESPACE file.
Flavors: r-devel-linux-x86_64-debian-clang, r-devel-linux-x86_64-debian-gcc, r-devel-linux-x86_64-fedora-clang, r-devel-linux-x86_64-fedora-gcc, r-devel-windows-ix86+x86_64, r-patched-linux-x86_64, r-patched-solaris-x86, r-release-linux-x86_64, r-release-windows-ix86+x86_64, r-release-osx-x86_64, r-oldrel-windows-ix86+x86_64, r-oldrel-osx-x86_64

Version: 1.1
Check: Rd line widths
Result: NOTE
    Rd file 'p.perm.Rd':
     \examples lines wider than 100 characters:
     ## Run permutation test using Wilks Lambda (default) as test statistic; include different numbers of canonical correlations:
    
    Rd file 'plt.asym.Rd':
     \examples lines wider than 100 characters:
     ## Plot the F-approximation for the Hotelling-Lawley Trace, considering 3, 2, or 1 canonical correlation(s):
    
    Rd file 'plt.perm.Rd':
     \examples lines wider than 100 characters:
     # plot the permutation distribution of an F approximation for Wilks' Lambda, considering 3 and 2 canonical correlations:
     # plot the permutation distribution of an F approximation for the Pillai-Bartlett Trace, considering 3, 2, and 1 canonical correlation( ... [TRUNCATED]
    
    These lines will be truncated in the PDF manual.
Flavors: r-devel-linux-x86_64-debian-clang, r-devel-linux-x86_64-debian-gcc, r-devel-linux-x86_64-fedora-clang, r-devel-linux-x86_64-fedora-gcc, r-patched-linux-x86_64, r-release-linux-x86_64