CRAN Package Check Results for Package CDVine

Last updated on 2020-04-01 00:48:38 CEST.

Flavor Version Tinstall Tcheck Ttotal Status Flags
r-devel-linux-x86_64-debian-clang 1.4 17.20 66.43 83.63 OK
r-devel-linux-x86_64-debian-gcc 1.4 13.87 50.05 63.92 OK
r-devel-linux-x86_64-fedora-clang 1.4 103.44 NOTE
r-devel-linux-x86_64-fedora-gcc 1.4 104.98 NOTE
r-devel-windows-ix86+x86_64 1.4 31.00 79.00 110.00 OK
r-devel-windows-ix86+x86_64-gcc8 1.4 26.00 87.00 113.00 OK
r-patched-linux-x86_64 1.4 16.44 65.28 81.72 OK
r-patched-solaris-x86 1.4 142.50 OK
r-release-linux-x86_64 1.4 14.92 60.23 75.15 OK
r-release-windows-ix86+x86_64 1.4 40.00 107.00 147.00 OK
r-release-osx-x86_64 1.4 OK
r-oldrel-windows-ix86+x86_64 1.4 36.00 99.00 135.00 OK
r-oldrel-osx-x86_64 1.4 OK

Check Details

Version: 1.4
Check: compiled code
Result: NOTE
    File ‘CDVine/libs/CDVine.so’:
     Found no calls to: ‘R_registerRoutines’, ‘R_useDynamicSymbols’
    
    It is good practice to register native routines and to disable symbol
    search.
    
    See ‘Writing portable packages’ in the ‘Writing R Extensions’ manual.
Flavors: r-devel-linux-x86_64-fedora-clang, r-devel-linux-x86_64-fedora-gcc