CRAN Package Check Results for Package CNprep

Last updated on 2019-10-15 00:49:51 CEST.

Flavor Version Tinstall Tcheck Ttotal Status Flags
r-devel-linux-x86_64-debian-clang 2.0 3.34 26.27 29.61 NOTE
r-devel-linux-x86_64-debian-gcc 2.0 2.66 21.45 24.11 NOTE
r-devel-linux-x86_64-fedora-clang 2.0 37.46 NOTE
r-devel-linux-x86_64-fedora-gcc 2.0 36.42 NOTE
r-devel-windows-ix86+x86_64 2.0 6.00 69.00 75.00 NOTE
r-patched-linux-x86_64 2.0 2.76 27.14 29.90 NOTE
r-patched-solaris-x86 2.0 70.40 NOTE
r-release-linux-x86_64 2.0 2.74 27.08 29.82 NOTE
r-release-windows-ix86+x86_64 2.0 9.00 51.00 60.00 NOTE
r-release-osx-x86_64 2.0 NOTE
r-oldrel-windows-ix86+x86_64 2.0 4.00 41.00 45.00 NOTE
r-oldrel-osx-x86_64 2.0 NOTE

Check Details

Version: 2.0
Check: R code for possible problems
Result: NOTE
    CNclusterNcenter: no visible global function definition for 'median'
    CNclusterNcenter: no visible binding for global variable 'var'
    breakIntoGaps: no visible global function definition for 'runif'
    centerprob: no visible global function definition for 'pnorm'
    getz: no visible global function definition for 'predict'
    smad: no visible global function definition for 'mad'
    smedian: no visible global function definition for 'median'
    smedian.sample: no visible global function definition for 'median'
    smedmad: no visible global function definition for 'median'
    smedmad: no visible global function definition for 'mad'
    Undefined global functions or variables:
     mad median pnorm predict runif var
    Consider adding
     importFrom("stats", "mad", "median", "pnorm", "predict", "runif",
     "var")
    to your NAMESPACE file.
Flavors: r-devel-linux-x86_64-debian-clang, r-devel-linux-x86_64-debian-gcc, r-devel-linux-x86_64-fedora-clang, r-devel-linux-x86_64-fedora-gcc, r-devel-windows-ix86+x86_64, r-patched-linux-x86_64, r-patched-solaris-x86, r-release-linux-x86_64, r-release-windows-ix86+x86_64, r-release-osx-x86_64, r-oldrel-windows-ix86+x86_64, r-oldrel-osx-x86_64