CRAN Package Check Results for Package COCONUT

Last updated on 2020-02-24 00:48:36 CET.

Flavor Version Tinstall Tcheck Ttotal Status Flags
r-devel-linux-x86_64-debian-clang 1.0.2 2.43 24.48 26.91 OK
r-devel-linux-x86_64-debian-gcc 1.0.2 OK
r-devel-linux-x86_64-fedora-clang 1.0.2 36.40 OK
r-devel-linux-x86_64-fedora-gcc 1.0.2 33.65 OK
r-devel-windows-ix86+x86_64 1.0.2 6.00 35.00 41.00 OK
r-devel-windows-ix86+x86_64-gcc8 1.0.2 11.00 48.00 59.00 OK
r-patched-linux-x86_64 1.0.2 OK
r-patched-solaris-x86 1.0.2 48.10 OK
r-release-linux-x86_64 1.0.2 1.81 22.30 24.11 OK
r-release-windows-ix86+x86_64 1.0.2 5.00 46.00 51.00 OK
r-release-osx-x86_64 1.0.2 NOTE
r-oldrel-windows-ix86+x86_64 1.0.2 3.00 34.00 37.00 OK
r-oldrel-osx-x86_64 1.0.2 OK

Check Details

Version: 1.0.2
Check: package dependencies
Result: NOTE
    Package suggested but not available for checking: ‘limma’
Flavor: r-release-osx-x86_64