CRAN Package Check Results for Package COCONUT

Last updated on 2019-09-21 00:52:37 CEST.

Flavor Version Tinstall Tcheck Ttotal Status Flags
r-devel-linux-x86_64-debian-clang 1.0.2 2.23 22.68 24.91 OK
r-devel-linux-x86_64-debian-gcc 1.0.2 1.78 18.19 19.97 OK
r-devel-linux-x86_64-fedora-clang 1.0.2 30.86 OK
r-devel-linux-x86_64-fedora-gcc 1.0.2 29.63 OK
r-devel-windows-ix86+x86_64 1.0.2 17.00 45.00 62.00 OK
r-patched-linux-x86_64 1.0.2 2.06 22.17 24.23 OK
r-patched-solaris-x86 1.0.2 47.40 OK
r-release-linux-x86_64 1.0.2 1.91 22.48 24.39 OK
r-release-windows-ix86+x86_64 1.0.2 5.00 46.00 51.00 OK
r-release-osx-x86_64 1.0.2 NOTE
r-oldrel-windows-ix86+x86_64 1.0.2 3.00 34.00 37.00 OK
r-oldrel-osx-x86_64 1.0.2 OK

Check Details

Version: 1.0.2
Check: package dependencies
Result: NOTE
    Package suggested but not available for checking: ‘limma’
Flavor: r-release-osx-x86_64