CRAN Package Check Results for Package CONDOP

Last updated on 2019-06-26 00:47:13 CEST.

Flavor Version Tinstall Tcheck Ttotal Status Flags
r-devel-linux-x86_64-debian-clang 1.0 31.52 214.67 246.19 OK
r-devel-linux-x86_64-debian-gcc 1.0 30.28 168.47 198.75 OK
r-devel-linux-x86_64-fedora-clang 1.0 296.36 NOTE
r-devel-linux-x86_64-fedora-gcc 1.0 288.65 OK
r-devel-windows-ix86+x86_64 1.0 94.00 297.00 391.00 NOTE
r-patched-linux-x86_64 1.0 30.69 210.73 241.42 OK
r-patched-solaris-x86 1.0 4.50 ERROR
r-release-linux-x86_64 1.0 33.14 213.05 246.19 OK
r-release-windows-ix86+x86_64 1.0 66.00 232.00 298.00 NOTE
r-release-osx-x86_64 1.0 ERROR
r-oldrel-windows-ix86+x86_64 1.0 34.00 209.00 243.00 NOTE
r-oldrel-osx-x86_64 1.0 NOTE

Check Details

Version: 1.0
Check: installed package size
Result: NOTE
     installed size is 9.4Mb
     sub-directories of 1Mb or more:
     data 6.5Mb
     extdata 2.6Mb
Flavors: r-devel-linux-x86_64-fedora-clang, r-devel-windows-ix86+x86_64, r-release-windows-ix86+x86_64, r-oldrel-windows-ix86+x86_64, r-oldrel-osx-x86_64

Version: 1.0
Check: package dependencies
Result: ERROR
    Package required but not available: ‘rminer’
    
    See section ‘The DESCRIPTION file’ in the ‘Writing R Extensions’
    manual.
Flavor: r-patched-solaris-x86

Version: 1.0
Check: package dependencies
Result: ERROR
    Packages required but not available:
     'GenomicRanges', 'GenomeInfoDb', 'S4Vectors', 'IRanges'
    
    See section ‘The DESCRIPTION file’ in the ‘Writing R Extensions’
    manual.
Flavor: r-release-osx-x86_64