CRAN Package Check Results for Package CONDOP

Last updated on 2019-09-21 00:52:37 CEST.

Flavor Version Tinstall Tcheck Ttotal Status Flags
r-devel-linux-x86_64-debian-clang 1.0 32.97 210.56 243.53 OK
r-devel-linux-x86_64-debian-gcc 1.0 31.58 166.89 198.47 OK
r-devel-linux-x86_64-fedora-clang 1.0 317.82 NOTE
r-devel-linux-x86_64-fedora-gcc 1.0 300.32 OK
r-devel-windows-ix86+x86_64 1.0 103.00 302.00 405.00 NOTE
r-patched-linux-x86_64 1.0 32.56 203.57 236.13 OK
r-patched-solaris-x86 1.0 453.80 NOTE
r-release-linux-x86_64 1.0 37.87 206.27 244.14 OK
r-release-windows-ix86+x86_64 1.0 59.00 187.00 246.00 NOTE
r-release-osx-x86_64 1.0 ERROR
r-oldrel-windows-ix86+x86_64 1.0 40.00 191.00 231.00 NOTE
r-oldrel-osx-x86_64 1.0 NOTE

Check Details

Version: 1.0
Check: installed package size
Result: NOTE
     installed size is 9.4Mb
     sub-directories of 1Mb or more:
     data 6.5Mb
     extdata 2.6Mb
Flavors: r-devel-linux-x86_64-fedora-clang, r-devel-windows-ix86+x86_64, r-patched-solaris-x86, r-release-windows-ix86+x86_64, r-oldrel-windows-ix86+x86_64, r-oldrel-osx-x86_64

Version: 1.0
Check: package dependencies
Result: ERROR
    Packages required but not available:
     'GenomicRanges', 'GenomeInfoDb', 'S4Vectors', 'IRanges'
    
    See section ‘The DESCRIPTION file’ in the ‘Writing R Extensions’
    manual.
Flavor: r-release-osx-x86_64