CRAN Package Check Results for Package CORElearn

Last updated on 2019-07-16 00:48:02 CEST.

Flavor Version Tinstall Tcheck Ttotal Status Flags
r-devel-linux-x86_64-debian-clang 1.53.1 54.05 43.20 97.25 NOTE
r-devel-linux-x86_64-debian-gcc 1.53.1 36.71 33.35 70.06 NOTE
r-devel-linux-x86_64-fedora-clang 1.53.1 129.20 NOTE
r-devel-linux-x86_64-fedora-gcc 1.53.1 113.66 NOTE
r-devel-windows-ix86+x86_64 1.53.1 159.00 86.00 245.00 OK
r-patched-linux-x86_64 1.53.1 43.61 42.95 86.56 OK
r-patched-solaris-x86 1.53.1 181.80 OK
r-release-linux-x86_64 1.53.1 45.26 42.94 88.20 OK
r-release-windows-ix86+x86_64 1.53.1 133.00 112.00 245.00 OK
r-release-osx-x86_64 1.53.1 OK
r-oldrel-windows-ix86+x86_64 1.53.1 152.00 80.00 232.00 OK
r-oldrel-osx-x86_64 1.53.1 OK

Check Details

Version: 1.53.1
Check: for non-standard things in the check directory
Result: NOTE
    Found the following files/directories:
     'myGraph001.ps' 'parameters.par' 'profiles.oe' 'profiles.oer'
     'tempRF.txt' 'tempRF.txt.Rda'
Flavors: r-devel-linux-x86_64-debian-clang, r-devel-linux-x86_64-debian-gcc, r-devel-linux-x86_64-fedora-clang, r-devel-linux-x86_64-fedora-gcc