CRAN Package Check Results for Package CSESA

Last updated on 2019-09-17 00:49:11 CEST.

Flavor Version Tinstall Tcheck Ttotal Status Flags
r-devel-linux-x86_64-debian-clang 1.2.0 10.42 92.63 103.05 OK
r-devel-linux-x86_64-debian-gcc 1.2.0 OK
r-devel-linux-x86_64-fedora-clang 1.2.0 134.68 OK
r-devel-linux-x86_64-fedora-gcc 1.2.0 126.92 OK
r-devel-windows-ix86+x86_64 1.2.0 30.00 86.00 116.00 OK
r-patched-linux-x86_64 1.2.0 11.03 89.91 100.94 OK
r-patched-solaris-x86 1.2.0 186.20 OK
r-release-linux-x86_64 1.2.0 10.29 89.99 100.28 OK
r-release-windows-ix86+x86_64 1.2.0 29.00 83.00 112.00 OK
r-release-osx-x86_64 1.2.0 ERROR
r-oldrel-windows-ix86+x86_64 1.2.0 19.00 83.00 102.00 OK
r-oldrel-osx-x86_64 1.2.0 OK

Check Details

Version: 1.2.0
Check: package dependencies
Result: ERROR
    Package required but not available: ‘Biostrings’
    
    See section ‘The DESCRIPTION file’ in the ‘Writing R Extensions’
    manual.
Flavor: r-release-osx-x86_64