CRAN Package Check Results for Package CSESA

Last updated on 2019-06-18 00:51:32 CEST.

Flavor Version Tinstall Tcheck Ttotal Status Flags
r-devel-linux-x86_64-debian-clang 1.2.0 9.86 91.91 101.77 OK
r-devel-linux-x86_64-debian-gcc 1.2.0 9.02 73.31 82.33 OK
r-devel-linux-x86_64-fedora-clang 1.2.0 120.09 OK
r-devel-linux-x86_64-fedora-gcc 1.2.0 123.17 OK
r-devel-windows-ix86+x86_64 1.2.0 30.00 96.00 126.00 OK
r-patched-linux-x86_64 1.2.0 9.71 90.20 99.91 OK
r-patched-solaris-x86 1.2.0 186.40 OK
r-release-linux-x86_64 1.2.0 10.99 91.51 102.50 OK
r-release-windows-ix86+x86_64 1.2.0 24.00 98.00 122.00 OK
r-release-osx-x86_64 1.2.0 ERROR
r-oldrel-windows-ix86+x86_64 1.2.0 15.00 121.00 136.00 OK
r-oldrel-osx-x86_64 1.2.0 OK

Check Details

Version: 1.2.0
Check: package dependencies
Result: ERROR
    Package required but not available: ‘Biostrings’
    
    See section ‘The DESCRIPTION file’ in the ‘Writing R Extensions’
    manual.
Flavor: r-release-osx-x86_64