CRAN Package Check Results for Package CVThresh

Last updated on 2020-02-24 00:48:36 CET.

Flavor Version Tinstall Tcheck Ttotal Status Flags
r-devel-linux-x86_64-debian-clang 1.1.1 3.13 25.34 28.47 NOTE
r-devel-linux-x86_64-debian-gcc 1.1.1 NOTE
r-devel-linux-x86_64-fedora-clang 1.1.1 37.16 NOTE
r-devel-linux-x86_64-fedora-gcc 1.1.1 33.72 NOTE
r-devel-windows-ix86+x86_64 1.1.1 7.00 39.00 46.00 NOTE
r-devel-windows-ix86+x86_64-gcc8 1.1.1 13.00 56.00 69.00 NOTE
r-patched-linux-x86_64 1.1.1 NOTE
r-patched-solaris-x86 1.1.1 47.10 NOTE
r-release-linux-x86_64 1.1.1 2.20 23.17 25.37 NOTE
r-release-windows-ix86+x86_64 1.1.1 4.00 35.00 39.00 NOTE
r-release-osx-x86_64 1.1.1 NOTE
r-oldrel-windows-ix86+x86_64 1.1.1 4.00 34.00 38.00 NOTE
r-oldrel-osx-x86_64 1.1.1 NOTE

Check Details

Version: 1.1.1
Check: R code for possible problems
Result: NOTE
    cvimpute.by.wavelet: no visible global function definition for 'sd'
    cvimpute.by.wavelet: no visible global function definition for 'mad'
    cvimpute.image.by.wavelet: no visible global function definition for
     'sd'
    cvimpute.image.by.wavelet: no visible global function definition for
     'mad'
    cvwavelet.image.after.impute: no visible global function definition for
     'sd'
    cvwavelet.image.after.impute: no visible global function definition for
     'mad'
    Undefined global functions or variables:
     mad sd
    Consider adding
     importFrom("stats", "mad", "sd")
    to your NAMESPACE file.
Flavors: r-devel-linux-x86_64-debian-clang, r-devel-linux-x86_64-debian-gcc, r-devel-linux-x86_64-fedora-clang, r-devel-linux-x86_64-fedora-gcc, r-devel-windows-ix86+x86_64, r-devel-windows-ix86+x86_64-gcc8, r-patched-linux-x86_64, r-patched-solaris-x86, r-release-linux-x86_64, r-release-windows-ix86+x86_64, r-release-osx-x86_64, r-oldrel-windows-ix86+x86_64, r-oldrel-osx-x86_64