CRAN Package Check Results for Package CVThresh

Last updated on 2019-09-21 00:52:38 CEST.

Flavor Version Tinstall Tcheck Ttotal Status Flags
r-devel-linux-x86_64-debian-clang 1.1.1 2.77 23.05 25.82 NOTE
r-devel-linux-x86_64-debian-gcc 1.1.1 2.23 18.58 20.81 NOTE
r-devel-linux-x86_64-fedora-clang 1.1.1 32.09 NOTE
r-devel-linux-x86_64-fedora-gcc 1.1.1 30.93 NOTE
r-devel-windows-ix86+x86_64 1.1.1 8.00 37.00 45.00 NOTE
r-patched-linux-x86_64 1.1.1 2.59 23.34 25.93 NOTE
r-patched-solaris-x86 1.1.1 47.50 NOTE
r-release-linux-x86_64 1.1.1 1.71 23.18 24.89 NOTE
r-release-windows-ix86+x86_64 1.1.1 6.00 59.00 65.00 NOTE
r-release-osx-x86_64 1.1.1 NOTE
r-oldrel-windows-ix86+x86_64 1.1.1 4.00 35.00 39.00 NOTE
r-oldrel-osx-x86_64 1.1.1 NOTE

Check Details

Version: 1.1.1
Check: R code for possible problems
Result: NOTE
    cvimpute.by.wavelet: no visible global function definition for 'sd'
    cvimpute.by.wavelet: no visible global function definition for 'mad'
    cvimpute.image.by.wavelet: no visible global function definition for
     'sd'
    cvimpute.image.by.wavelet: no visible global function definition for
     'mad'
    cvwavelet.image.after.impute: no visible global function definition for
     'sd'
    cvwavelet.image.after.impute: no visible global function definition for
     'mad'
    Undefined global functions or variables:
     mad sd
    Consider adding
     importFrom("stats", "mad", "sd")
    to your NAMESPACE file.
Flavors: r-devel-linux-x86_64-debian-clang, r-devel-linux-x86_64-debian-gcc, r-devel-linux-x86_64-fedora-clang, r-devel-linux-x86_64-fedora-gcc, r-devel-windows-ix86+x86_64, r-patched-linux-x86_64, r-patched-solaris-x86, r-release-linux-x86_64, r-release-windows-ix86+x86_64, r-release-osx-x86_64, r-oldrel-windows-ix86+x86_64, r-oldrel-osx-x86_64