CRAN Package Check Results for Package ClassComparison

Last updated on 2019-08-26 00:47:21 CEST.

Flavor Version Tinstall Tcheck Ttotal Status Flags
r-devel-linux-x86_64-debian-clang 3.1.8 5.71 95.66 101.37 OK
r-devel-linux-x86_64-debian-gcc 3.1.8 5.67 67.60 73.27 OK
r-devel-linux-x86_64-fedora-clang 3.1.8 125.06 OK
r-devel-linux-x86_64-fedora-gcc 3.1.8 120.77 OK
r-devel-windows-ix86+x86_64 3.1.8 17.00 142.00 159.00 OK
r-patched-linux-x86_64 3.1.8 6.65 92.22 98.87 OK
r-patched-solaris-x86 3.1.8 171.00 OK
r-release-linux-x86_64 3.1.8 6.15 93.66 99.81 OK
r-release-windows-ix86+x86_64 3.1.8 23.00 141.00 164.00 OK
r-release-osx-x86_64 3.1.8 ERROR
r-oldrel-windows-ix86+x86_64 3.1.8 11.00 138.00 149.00 OK
r-oldrel-osx-x86_64 3.1.8 OK

Check Details

Version: 3.1.8
Check: package dependencies
Result: ERROR
    Package required but not available: ‘Biobase’
    
    See section ‘The DESCRIPTION file’ in the ‘Writing R Extensions’
    manual.
Flavor: r-release-osx-x86_64