CRAN Package Check Results for Package ColorPalette

Last updated on 2020-02-23 00:48:41 CET.

Flavor Version Tinstall Tcheck Ttotal Status Flags
r-devel-linux-x86_64-debian-clang 1.0-1 1.89 18.74 20.63 NOTE
r-devel-linux-x86_64-debian-gcc 1.0-1 1.66 14.84 16.50 NOTE
r-devel-linux-x86_64-fedora-clang 1.0-1 26.28 NOTE
r-devel-linux-x86_64-fedora-gcc 1.0-1 25.19 NOTE
r-devel-windows-ix86+x86_64 1.0-1 6.00 27.00 33.00 NOTE
r-devel-windows-ix86+x86_64-gcc8 1.0-1 6.00 39.00 45.00 NOTE
r-patched-linux-x86_64 1.0-1 NOTE
r-patched-solaris-x86 1.0-1 36.70 NOTE
r-release-linux-x86_64 1.0-1 1.59 17.23 18.82 NOTE
r-release-windows-ix86+x86_64 1.0-1 5.00 44.00 49.00 NOTE
r-release-osx-x86_64 1.0-1 NOTE
r-oldrel-windows-ix86+x86_64 1.0-1 2.00 30.00 32.00 NOTE
r-oldrel-osx-x86_64 1.0-1 NOTE

Check Details

Version: 1.0-1
Check: R code for possible problems
Result: NOTE
    generateMonochromaticColors: no visible global function definition for
     'col2rgb'
    generateMonochromaticColors: no visible global function definition for
     'rgb'
    generateMonochromaticColors: no visible global function definition for
     'tail'
    hsv2rgb: no visible global function definition for 'rgb'
    rotational_dispersion: no visible global function definition for
     'col2rgb'
    rotational_dispersion: no visible global function definition for
     'rgb2hsv'
    tetradicColors: no visible global function definition for 'head'
    triadicColors: no visible global function definition for 'head'
    Undefined global functions or variables:
     col2rgb head rgb rgb2hsv tail
    Consider adding
     importFrom("grDevices", "col2rgb", "rgb", "rgb2hsv")
     importFrom("utils", "head", "tail")
    to your NAMESPACE file.
Flavors: r-devel-linux-x86_64-debian-clang, r-devel-linux-x86_64-debian-gcc, r-devel-linux-x86_64-fedora-clang, r-devel-linux-x86_64-fedora-gcc, r-devel-windows-ix86+x86_64, r-devel-windows-ix86+x86_64-gcc8, r-patched-linux-x86_64, r-patched-solaris-x86, r-release-linux-x86_64, r-release-windows-ix86+x86_64, r-release-osx-x86_64, r-oldrel-windows-ix86+x86_64, r-oldrel-osx-x86_64