CRAN Package Check Results for Package CompLognormal

Last updated on 2019-08-19 00:46:20 CEST.

Flavor Version Tinstall Tcheck Ttotal Status Flags
r-devel-linux-x86_64-debian-clang 3.0 2.06 17.38 19.44 NOTE
r-devel-linux-x86_64-debian-gcc 3.0 1.75 14.28 16.03 NOTE
r-devel-linux-x86_64-fedora-clang 3.0 25.42 NOTE
r-devel-linux-x86_64-fedora-gcc 3.0 22.52 NOTE
r-devel-windows-ix86+x86_64 3.0 12.00 49.00 61.00 NOTE
r-patched-linux-x86_64 3.0 1.62 17.58 19.20 NOTE
r-patched-solaris-x86 3.0 37.60 NOTE
r-release-linux-x86_64 3.0 1.66 17.56 19.22 NOTE
r-release-windows-ix86+x86_64 3.0 8.00 36.00 44.00 NOTE
r-release-osx-x86_64 3.0 NOTE
r-oldrel-windows-ix86+x86_64 3.0 3.00 32.00 35.00 NOTE
r-oldrel-osx-x86_64 3.0 NOTE

Check Details

Version: 3.0
Check: dependencies in R code
Result: NOTE
    Package in Depends field not imported from: 'numDeriv'
     These packages need to be imported from (in the NAMESPACE file)
     for when this namespace is loaded but not attached.
Flavors: r-devel-linux-x86_64-debian-clang, r-devel-linux-x86_64-debian-gcc, r-devel-linux-x86_64-fedora-clang, r-devel-linux-x86_64-fedora-gcc, r-devel-windows-ix86+x86_64, r-patched-linux-x86_64, r-patched-solaris-x86, r-release-linux-x86_64, r-release-windows-ix86+x86_64, r-release-osx-x86_64, r-oldrel-windows-ix86+x86_64, r-oldrel-osx-x86_64

Version: 3.0
Check: R code for possible problems
Result: NOTE
    dcomplnorm: no visible global function definition for 'grad'
    dcomplnorm : f1: no visible global function definition for 'dlnorm'
    dcomplnorm : F1: no visible global function definition for 'plnorm'
    dcomplnorm : f1L: no visible global function definition for 'dlnorm'
    dcomplnorm : F1L: no visible global function definition for 'plnorm'
    pcomplnorm: no visible global function definition for 'grad'
    pcomplnorm : f1: no visible global function definition for 'dlnorm'
    pcomplnorm : F1: no visible global function definition for 'plnorm'
    pcomplnorm : F1L: no visible global function definition for 'plnorm'
    qcomplnorm: no visible global function definition for 'grad'
    qcomplnorm : f1: no visible global function definition for 'dlnorm'
    qcomplnorm : F1q: no visible global function definition for 'qlnorm'
    qcomplnorm : F1: no visible global function definition for 'plnorm'
    rcomplnorm: no visible global function definition for 'runif'
    Undefined global functions or variables:
     dlnorm grad plnorm qlnorm runif
    Consider adding
     importFrom("stats", "dlnorm", "plnorm", "qlnorm", "runif")
    to your NAMESPACE file.
Flavors: r-devel-linux-x86_64-debian-clang, r-devel-linux-x86_64-debian-gcc, r-devel-linux-x86_64-fedora-clang, r-devel-linux-x86_64-fedora-gcc, r-devel-windows-ix86+x86_64, r-patched-linux-x86_64, r-patched-solaris-x86, r-release-linux-x86_64, r-release-windows-ix86+x86_64, r-release-osx-x86_64, r-oldrel-windows-ix86+x86_64, r-oldrel-osx-x86_64