CRAN Package Check Results for Package CopyDetect

Last updated on 2019-09-21 00:52:37 CEST.

Flavor Version Tinstall Tcheck Ttotal Status Flags
r-devel-linux-x86_64-debian-clang 1.3 11.61 84.02 95.63 OK
r-devel-linux-x86_64-debian-gcc 1.3 9.64 66.14 75.78 OK
r-devel-linux-x86_64-fedora-clang 1.3 120.35 OK
r-devel-linux-x86_64-fedora-gcc 1.3 117.39 OK
r-devel-windows-ix86+x86_64 1.3 30.00 118.00 148.00 OK
r-patched-linux-x86_64 1.3 9.39 84.67 94.06 OK
r-patched-solaris-x86 1.3 165.70 OK
r-release-linux-x86_64 1.3 9.61 82.39 92.00 OK
r-release-windows-ix86+x86_64 1.3 19.00 86.00 105.00 OK
r-release-osx-x86_64 1.3 OK
r-oldrel-windows-ix86+x86_64 1.3 1.00 5.00 6.00 ERROR
r-oldrel-osx-x86_64 1.3 OK

Check Details

Version: 1.3
Check: whether package can be installed
Result: ERROR
    Installation failed.
Flavor: r-oldrel-windows-ix86+x86_64