CRAN Package Check Results for Package Countr

Last updated on 2019-07-16 00:48:02 CEST.

Flavor Version Tinstall Tcheck Ttotal Status Flags
r-devel-linux-x86_64-debian-clang 3.5.2 121.89 135.66 257.55 OK
r-devel-linux-x86_64-debian-gcc 3.5.2 99.25 106.08 205.33 OK
r-devel-linux-x86_64-fedora-clang 3.5.2 379.44 NOTE
r-devel-linux-x86_64-fedora-gcc 3.5.2 364.30 OK
r-devel-windows-ix86+x86_64 3.5.2 345.00 260.00 605.00 NOTE
r-patched-linux-x86_64 3.5.2 119.01 130.76 249.77 OK
r-patched-solaris-x86 3.5.2 420.10 OK
r-release-linux-x86_64 3.5.2 125.47 130.78 256.25 OK
r-release-windows-ix86+x86_64 3.5.2 228.00 230.00 458.00 NOTE
r-release-osx-x86_64 3.5.2 NOTE
r-oldrel-windows-ix86+x86_64 3.5.2 279.00 251.00 530.00 NOTE
r-oldrel-osx-x86_64 3.5.2 NOTE

Check Details

Version: 3.5.2
Check: installed package size
Result: NOTE
     installed size is 8.2Mb
     sub-directories of 1Mb or more:
     doc 1.9Mb
     libs 5.3Mb
Flavors: r-devel-linux-x86_64-fedora-clang, r-devel-windows-ix86+x86_64, r-release-windows-ix86+x86_64, r-release-osx-x86_64, r-oldrel-windows-ix86+x86_64, r-oldrel-osx-x86_64