CRAN Package Check Results for Package Countr

Last updated on 2019-10-23 00:47:48 CEST.

Flavor Version Tinstall Tcheck Ttotal Status Flags
r-devel-linux-x86_64-debian-clang 3.5.4 142.68 132.40 275.08 OK
r-devel-linux-x86_64-debian-gcc 3.5.4 105.61 103.48 209.09 OK
r-devel-linux-x86_64-fedora-clang 3.5.4 360.58 NOTE
r-devel-linux-x86_64-fedora-gcc 3.5.4 357.96 OK
r-devel-windows-ix86+x86_64 3.5.4 232.00 194.00 426.00 NOTE
r-patched-linux-x86_64 3.5.4 114.30 129.44 243.74 OK
r-patched-solaris-x86 3.5.4 381.50 OK
r-release-linux-x86_64 3.5.4 109.53 129.06 238.59 OK
r-release-windows-ix86+x86_64 3.5.4 313.00 186.00 499.00 NOTE
r-release-osx-x86_64 3.5.4 NOTE
r-oldrel-windows-ix86+x86_64 3.5.4 304.00 254.00 558.00 NOTE
r-oldrel-osx-x86_64 3.5.4 NOTE

Check Details

Version: 3.5.4
Check: installed package size
Result: NOTE
     installed size is 8.9Mb
     sub-directories of 1Mb or more:
     doc 2.0Mb
     libs 6.0Mb
Flavors: r-devel-linux-x86_64-fedora-clang, r-devel-windows-ix86+x86_64, r-release-windows-ix86+x86_64, r-release-osx-x86_64, r-oldrel-windows-ix86+x86_64, r-oldrel-osx-x86_64