CRAN Package Check Results for Package Cubist

Last updated on 2019-08-19 00:46:20 CEST.

Flavor Version Tinstall Tcheck Ttotal Status Flags
r-devel-linux-x86_64-debian-clang 0.2.2 13.87 88.38 102.25 OK
r-devel-linux-x86_64-debian-gcc 0.2.2 10.14 68.69 78.83 WARN
r-devel-linux-x86_64-fedora-clang 0.2.2 130.82 OK
r-devel-linux-x86_64-fedora-gcc 0.2.2 124.06 WARN
r-devel-windows-ix86+x86_64 0.2.2 70.00 160.00 230.00 OK
r-patched-linux-x86_64 0.2.2 11.27 89.73 101.00 WARN
r-patched-solaris-x86 0.2.2 185.80 OK
r-release-linux-x86_64 0.2.2 10.96 90.69 101.65 WARN
r-release-windows-ix86+x86_64 0.2.2 48.00 109.00 157.00 OK
r-release-osx-x86_64 0.2.2 OK
r-oldrel-windows-ix86+x86_64 0.2.2 63.00 148.00 211.00 OK
r-oldrel-osx-x86_64 0.2.2 OK

Check Details

Version: 0.2.2
Check: whether package can be installed
Result: WARN
    Found the following significant warnings:
     /usr/include/x86_64-linux-gnu/bits/string_fortified.h:106:10: warning: ‘__builtin_strncpy’ specified bound 2048 equals destination size [-Wstringop-truncation]
Flavor: r-devel-linux-x86_64-debian-gcc

Version: 0.2.2
Check: whether package can be installed
Result: WARN
    Found the following significant warnings:
     /usr/include/bits/string_fortified.h:106:10: warning: ‘__builtin_strncpy’ specified bound 2048 equals destination size [-Wstringop-truncation]
Flavor: r-devel-linux-x86_64-fedora-gcc

Version: 0.2.2
Check: whether package can be installed
Result: WARN
    Found the following significant warnings:
     hash.c:144:5: warning: ‘strncpy’ specified bound 2048 equals destination size [-Wstringop-truncation]
Flavors: r-patched-linux-x86_64, r-release-linux-x86_64