CRAN Package Check Results for Package Cubist

Last updated on 2019-12-06 00:49:52 CET.

Flavor Version Tinstall Tcheck Ttotal Status Flags
r-devel-linux-x86_64-debian-clang 0.2.2 12.17 91.55 103.72 WARN
r-devel-linux-x86_64-debian-gcc 0.2.2 9.57 70.81 80.38 WARN
r-devel-linux-x86_64-fedora-clang 0.2.2 136.55 WARN
r-devel-linux-x86_64-fedora-gcc 0.2.2 125.81 WARN
r-devel-windows-ix86+x86_64 0.2.2 44.00 114.00 158.00 WARN
r-devel-windows-ix86+x86_64-gcc8 0.2.2 54.00 112.00 166.00 WARN
r-patched-linux-x86_64 0.2.2 11.12 88.43 99.55 WARN
r-patched-solaris-x86 0.2.2 179.80 OK
r-release-linux-x86_64 0.2.2 11.07 89.36 100.43 WARN
r-release-windows-ix86+x86_64 0.2.2 64.00 119.00 183.00 OK
r-release-osx-x86_64 0.2.2 OK
r-oldrel-windows-ix86+x86_64 0.2.2 43.00 123.00 166.00 OK
r-oldrel-osx-x86_64 0.2.2 OK

Additional issues

gcc10

Check Details

Version: 0.2.2
Check: whether package can be installed
Result: WARN
    Found the following significant warnings:
     rulebasedmodels.c:95:3: warning: expression result unused [-Wunused-value]
     rulebasedmodels.c:105:3: warning: expression result unused [-Wunused-value]
Flavors: r-devel-linux-x86_64-debian-clang, r-devel-linux-x86_64-fedora-clang

Version: 0.2.2
Check: whether package can be installed
Result: WARN
    Found the following significant warnings:
     /usr/include/x86_64-linux-gnu/bits/string_fortified.h:106:10: warning: ‘__builtin_strncpy’ specified bound 2048 equals destination size [-Wstringop-truncation]
     rulebasedmodels.c:95:3: warning: statement with no effect [-Wunused-value]
     rulebasedmodels.c:105:3: warning: statement with no effect [-Wunused-value]
Flavor: r-devel-linux-x86_64-debian-gcc

Version: 0.2.2
Check: whether package can be installed
Result: WARN
    Found the following significant warnings:
     /usr/include/bits/string_fortified.h:106:10: warning: ‘__builtin_strncpy’ specified bound 2048 equals destination size [-Wstringop-truncation]
     rulebasedmodels.c:95:3: warning: statement with no effect [-Wunused-value]
     rulebasedmodels.c:105:3: warning: statement with no effect [-Wunused-value]
Flavor: r-devel-linux-x86_64-fedora-gcc

Version: 0.2.2
Check: whether package can be installed
Result: WARN
    Found the following significant warnings:
     rulebasedmodels.c:95:3: warning: statement with no effect [-Wunused-value]
     rulebasedmodels.c:105:3: warning: statement with no effect [-Wunused-value]
Flavors: r-devel-windows-ix86+x86_64, r-devel-windows-ix86+x86_64-gcc8

Version: 0.2.2
Check: whether package can be installed
Result: WARN
    Found the following significant warnings:
     hash.c:144:5: warning: ‘strncpy’ specified bound 2048 equals destination size [-Wstringop-truncation]
Flavors: r-patched-linux-x86_64, r-release-linux-x86_64